{"id":20595,"date":"2020-10-24T20:36:00","date_gmt":"2020-10-24T18:36:00","guid":{"rendered":"https:\/\/www.cgt-lkn.org\/bizkaia\/politica-de-privacidad"},"modified":"2020-12-15T21:24:18","modified_gmt":"2020-12-15T20:24:18","slug":"politica-de-privacidad","status":"publish","type":"page","link":"https:\/\/www.cgt-lkn.org\/bizkaia\/rgpd\/politica-de-privacidad","title":{"rendered":"Pol\u00edtica de Privacidad"},"content":{"rendered":"<div class=\"post-headline\">\n<h1>Pol\u00edtica de Privacidad<\/h1>\n<\/div>\n<div class=\"post-bodycopy clearfix\">\n<div class=\"pf-content\">\n<div class=\"post-headline\">\n<p>Particular informa a los usuarios del sitio web sobre su pol\u00edtica respecto del tratamiento y protecci\u00f3n de los datos de car\u00e1cter personal de los usuarios y clientes que puedan ser recabados por la navegaci\u00f3n o contrataci\u00f3n de servicios a trav\u00e9s de su sitio web.<\/p>\n<\/div>\n<div class=\"post-bodycopy clearfix\">\n<p>En este sentido, Particular garantiza el cumplimiento de la normativa vigente en materia de protecci\u00f3n de datos personales, reflejada en la Ley Org\u00e1nica 15\u20441999, de 13 de diciembre, de Protecci\u00f3n de Datos de Car\u00e1cter Personal (LOPD), y al Real Decreto 1720\u20442007, de 21 de diciembre, conocido como el Reglamento de desarrollo de la LOPD. Cumple tambi\u00e9n con el Reglamento (UE) 2016\u2044679 del Parlamento Europeo y del Consejo de 27 de abril de 2016 relativo a la protecci\u00f3n de las personas f\u00edsicas (RGPD).<\/p>\n<p>El uso de esta web implica la aceptaci\u00f3n de esta pol\u00edtica de privacidad.<\/p>\n<h2>Identidad del responsable<\/h2>\n<ul>\n<li><b>Titular:<\/b>\u00a0CGT-LKN\u00a0Confederaci\u00f3n General del Trabajo \u2013 Lanaren Konfederakunde Nagusia<\/li>\n<li><b>NIF\/CIF:\u00a0<\/b>V95343257<\/li>\n<li><b>Domicilio:\u00a0<\/b>C\/ Bail\u00e9n n\u00ba 7-Entresuelo\u00a0Dptos 2,3 y 4 48003 Bilbao<\/li>\n<li><b>Correo electr\u00f3nico:<\/b>\u00a0cgtbilbao@cgt-lkn.org<\/li>\n<\/ul>\n<h2>Principios que aplicaremos a tu informaci\u00f3n personal<\/h2>\n<p>En el tratamiento de tus datos personales, aplicaremos los siguientes principios que se ajustan a las exigencias del nuevo reglamento europeo de protecci\u00f3n de datos:<\/p>\n<ul>\n<li><b>Principio de licitud, lealtad y transparencia:<\/b>\u00a0Siempre vamos a requerir tu consentimiento para el tratamiento de tus datos personales para uno o varios fines espec\u00edficos que te informaremos previamente con absoluta transparencia.<\/li>\n<li><b>Principio de minimizaci\u00f3n de datos:<\/b>\u00a0Solo vamos a solicitar datos estrictamente necesarios en relaci\u00f3n con los fines para los que los requerimos. Los m\u00ednimos posibles.<\/li>\n<li><b>Principio de limitaci\u00f3n del plazo de conservaci\u00f3n:<\/b>\u00a0Los datos ser\u00e1n mantenidos durante no m\u00e1s tiempo del necesario para los fines del tratamiento, en funci\u00f3n a la finalidad, te informaremos del plazo de conservaci\u00f3n correspondiente, en el caso de suscripciones, peri\u00f3dicamente revisaremos nuestras listas y eliminaremos aquellos registros inactivos durante un tiempo considerable.<\/li>\n<li><b>Principio de integridad y confidencialidad:<\/b>\u00a0Tus datos ser\u00e1n tratados de tal manera que se garantice una seguridad adecuada de los datos personales y se garantice confidencialidad. Debes saber que tomamos todas las precauciones necesarias para evitar el acceso no autorizado o uso indebido de los datos de nuestros usuarios por parte de terceros.<\/li>\n<\/ul>\n<h2>\u00bfC\u00f3mo hemos obtenido tus datos?<\/h2>\n<p>Para que puedas navegar por\u00a0<a href=\"https:\/\/www.cgt-lkn.org\/\" target=\"_blank\" rel=\"noopener noreferrer\">https:\/\/www.cgt-lkn.org<\/a>, no es necesario que facilites ning\u00fan dato personal. \u00danicamente si rellenas el formulario de afiliaci\u00f3n su uso ser\u00e1 exclusivamente para este prop\u00f3sito como se indica en la hoja de afiliaci\u00f3n.<\/p>\n<p>Los casos en los que si nos das tus datos son los siguientes:<\/p>\n<h2>\u00bfCu\u00e1les son tus derechos cuando nos facilitas tus datos?<\/h2>\n<p>Las personas interesadas tienen derecho a:<\/p>\n<ul>\n<li>Solicitar el acceso a los datos personales relativos al interesado.<\/li>\n<li>Solicitar su rectificaci\u00f3n o supresi\u00f3n.<\/li>\n<li>Solicitar la limitaci\u00f3n de su tratamiento.<\/li>\n<li>Oponerse al tratamiento.<\/li>\n<\/ul>\n<p>No se puede ejercitar el derecho a la portabilidad de los datos.<\/p>\n<p>El ejercicio de estos derechos es personal y debe por tanto ser ejercido directamente por el interesado, solicit\u00e1ndolo directamente a Particular, lo que significa que cualquier cliente, suscriptor o colaborador que me haya facilitado sus datos en alg\u00fan momento, puede dirigirse a Particular y pedirme informaci\u00f3n sobre los datos que tengo almacenados y c\u00f3mo los he obtenido (derecho de acceso), puede solicitar la rectificaci\u00f3n de los mismos, oponerse al tratamito, que limite su uso o en su caso la cancelaci\u00f3n de esos datos en mis ficheros.<\/p>\n<h2>\u00bfCon qu\u00e9 finalidad tratamos tus datos personales?<\/h2>\n<p>Cuando un usuario se conecta a\u00a0<a href=\"https:\/\/www.cgt-lkn.org\/\" target=\"_blank\" rel=\"noopener noreferrer\">https:\/\/www.cgt-lkn.org<\/a> para mandar un correo al titular, suscribirse o realizar alguna contrataci\u00f3n, est\u00e1 facilitando informaci\u00f3n de car\u00e1cter personal de la que es responsable Particular. Esa informaci\u00f3n puede incluir datos de car\u00e1cter personal como pueden ser tu direcci\u00f3n IP, nombre, direcci\u00f3n f\u00edsica, direcci\u00f3n de correo electr\u00f3nico, n\u00famero de tel\u00e9fono, y otra informaci\u00f3n. Al facilitar esta informaci\u00f3n, el usuario da su consentimiento para que su informaci\u00f3n sea recopilada, utilizada, gestionada y almacenada, s\u00f3lo como se describe en el\u00a0<a href=\"https:\/\/www.cgt-lkn.org\/aviso-legal\" target=\"_blank\" rel=\"nofollow noopener noreferrer\">Aviso Legal<\/a>\u00a0y en la presente\u00a0<a href=\"https:\/\/www.cgt-lkn.org\/politica-de-privacidad\" target=\"_blank\" rel=\"nofollow noopener noreferrer\">Pol\u00edtica de Privacidad<\/a>.<\/p>\n<p>En\u00a0<a href=\"https:\/\/www.cgt-lkn.org\/\" target=\"_blank\" rel=\"noopener noreferrer\">https:\/\/www.cgt-lkn.org<\/a>\u00a0existen diferentes sistemas de captura de informaci\u00f3n personal y tratamos la informaci\u00f3n que nos facilitan las personas interesadas con el siguiente fin por cada sistema de captura (formularios):<\/p>\n<p>Existen otras finalidades por la que tratamos tus datos personales:<\/p>\n<ul>\n<li>Para garantizar el cumplimiento de las condiciones de uso y la ley aplicable. Esto puede incluir el desarrollo de herramientas y algoritmos que ayudan a esta web a garantizar la confidencialidad de los datos personales que recoge.<\/li>\n<li>Para apoyar y mejorar los servicios que ofrece esta web.<\/li>\n<li>Tambi\u00e9n se recogen otros datos no identificativos que se obtienen mediante algunas cookies que se descargan en el ordenador del usuario cuando navega en esta web, y que detallamos en la pol\u00edtica de cookies.<\/li>\n<li>Para gestionar las redes sociales. Particular puede tener presencia en redes sociales. El tratamiento de los datos que se lleve a cabo de las personas que se hagan seguidoras en las redes sociales de las p\u00e1ginas oficiales de Particular, se regir\u00e1 por este apartado. As\u00ed como por aquellas condiciones de uso, pol\u00edticas de privacidad y normativas de acceso que pertenezcan a la red social que proceda en cada caso y aceptadas previamente por el usuario. Particular tratar\u00e1 sus datos con las finalidades de administrar correctamente su presencia en la red social, informando de actividades, productos o servicios de Particular. As\u00ed como para cualquier otra finalidad que las normativas de las redes sociales permitan. En ning\u00fan caso utilizar\u00e9 los perfiles de seguidores en redes sociales para enviar publicidad de manera individual.<\/li>\n<\/ul>\n<h2>C\u00f3mo protegemos tus datos<\/h2>\n<p>Este sitio web se encuentra alojado en\u00a0<a href=\"https:\/\/www.cgt-lkn.org\/\" target=\"_blank\" rel=\"noopener noreferrer\">https:\/\/www.cgt-lkn.org<\/a>. La seguridad de tus datos est\u00e1 garantizada, ya que toman todas las medidas de seguridad necesarias para ello. Puedes consultar su pol\u00edtica de privacidad para tener m\u00e1s informaci\u00f3n.<\/p>\n<p>Para proteger tu informaci\u00f3n personal, tomamos precauciones razonables y seguimos las mejores pr\u00e1cticas de la industria para asegurarnos de que no haya p\u00e9rdida de manera inapropiada, mal uso, acceso, divulgaci\u00f3n, alteraci\u00f3n o destrucci\u00f3n de la misma.<\/p>\n<p>Particular informa a los usuarios de que sus datos personales no ser\u00e1n cedidos a terceras organizaciones, con la salvedad de que dicha cesi\u00f3n de datos este amparada en una obligaci\u00f3n legal o cuando la prestaci\u00f3n de un servicio implique la necesidad de una relaci\u00f3n contractual con un encargado de tratamiento. En este \u00faltimo caso, solo se llevar\u00e1 a cabo la cesi\u00f3n de datos al tercero cuando Particular disponga del consentimiento expreso del usuario.<\/p>\n<p>Sin embargo, en algunos casos se pueden realizar colaboraciones con otros profesionales, en esos casos, se requerir\u00e1 consentimiento a los usuarios informando sobre la identidad del colaborador y la finalidad de la colaboraci\u00f3n. Siempre se realizar\u00e1 con los m\u00e1s estrictos est\u00e1ndares de seguridad.<\/p>\n<h2>Contenido de otros sitios web<\/h2>\n<p>Los art\u00edculos de este sitio pueden incluir contenido incrustado (por ejemplo, v\u00eddeos, im\u00e1genes, art\u00edculos, etc.). El contenido incrustado de otras web se comporta exactamente de la misma manera que si el visitante hubiera visitado la otra web.<\/p>\n<p>Estas web pueden recopilar datos sobre ti, utilizar cookies, incrustar un seguimiento adicional de terceros, y supervisar tu interacci\u00f3n con ese contenido incrustado, incluido el seguimiento de su interacci\u00f3n con el contenido incrustado si tienes una cuenta y est\u00e1s conectado a esa web.<\/p>\n<h2>Cookies<\/h2>\n<p>Te informo que para que el sitio funcione correctamente necesita utilizar cookies, que es informaci\u00f3n que se almacena en tu navegador para facilitar la navegaci\u00f3n.<\/p>\n<p>Puede consultar aqu\u00ed\u00a0<a href=\"https:\/\/www.cgt-lkn.org\/politica-de-cookies\" target=\"_blank\" rel=\"nofollow noopener noreferrer\">la pol\u00edtica de cookies<\/a>.<\/p>\n<h2>Legitimaci\u00f3n para el tratamiento de tus datos<\/h2>\n<p>La base legal para el tratamiento de sus datos es: el consentimiento.<\/p>\n<p>Para contactar o realizar comentarios en esta web se requiere la aceptaci\u00f3n de esta pol\u00edtica de privacidad.<\/p>\n<h2>Categor\u00eda de datos<\/h2>\n<ul>\n<li>Las categor\u00edas de datos que se tratan son datos identificativos.<\/li>\n<li>No se tratan categor\u00edas de datos especialmente protegidos.<\/li>\n<\/ul>\n<h2>\u00bfPor cu\u00e1nto tiempo conservaremos tus datos?<\/h2>\n<p>Los datos personales proporcionados (s\u00f3lo se recogen datos enviados expresamente a trav\u00e9s de formularios como el de afiliaci\u00f3n) se conservar\u00e1n hasta que se solicite su supresi\u00f3n por el interesado.<\/p>\n<h2>\u00bfA qu\u00e9 destinatarios se comunicar\u00e1n tus datos?<\/h2>\n<ul>\n<li><b>CGT\u00a0<\/b>no recoge m\u00e1s datos personales que los que env\u00eda voluntariamente a trav\u00e9s de formularios como el de afiliaci\u00f3n y no se comunican a ninguna entidad agena.<\/li>\n<\/ul>\n<h2>Navegaci\u00f3n Web<\/h2>\n<p>Al navegar por\u00a0<a href=\"https:\/\/www.cgt-lkn.org\/\" target=\"_blank\" rel=\"noopener noreferrer\">https:\/\/www.cgt-lkn.org<\/a>\u00a0se pueden recoger datos no identificables, que pueden incluir, direcciones IP, ubicaci\u00f3n geogr\u00e1fica (aproximadamente), un registro de c\u00f3mo se utilizan los servicios y sitios, y otros datos que no pueden ser utilizados para identificar al usuario. Entre los datos no identificativos est\u00e1n tambi\u00e9n los relacionados a tus h\u00e1bitos de navegaci\u00f3n a trav\u00e9s de servicios de terceros.<\/p>\n<p>Estas webs utilizan los siguientes servicios de an\u00e1lisis de terceros:<\/p>\n<ul>\n<li>Google Analytics<\/li>\n<\/ul>\n<p>Utilizamos esta informaci\u00f3n para analizar tendencias, administrar el sitio, rastrear los movimientos de los usuarios alrededor del sitio y para recopilar informaci\u00f3n demogr\u00e1fica sobre nuestra base de usuarios en su conjunto.<\/p>\n<h2>Exactitud y veracidad de los datos<\/h2>\n<p>Como usuario, eres el \u00fanico responsable de la veracidad y correcci\u00f3n de los datos que remitas a Particular exonerando a Particular, de cualquier responsabilidad al respecto.<\/p>\n<p>Los usuarios garantizan y responden, en cualquier caso, de la exactitud, vigencia y autenticidad de los datos personales facilitados, y se comprometen a mantenerlos debidamente actualizados. El usuario acepta proporcionar informaci\u00f3n completa y correcta en el formulario de contacto o suscripci\u00f3n.<\/p>\n<h2>Aceptaci\u00f3n y consentimiento<\/h2>\n<p>El usuario declara haber sido informado de las condiciones sobre protecci\u00f3n de datos de car\u00e1cter personal, aceptando y consintiendo el tratamiento de los mismos por parte de Particular en la forma y para las finalidades indicadas en esta pol\u00edtica de privacidad.<\/p>\n<h2>Cambios en la pol\u00edtica de privacidad<\/h2>\n<p>Particular se reserva el derecho a modificar la presente pol\u00edtica para adaptarla a novedades legislativas o jurisprudenciales, as\u00ed como a pr\u00e1cticas de la industria. En dichos supuestos, Particular anunciar\u00e1 en esta p\u00e1gina los cambios introducidos con razonable antelaci\u00f3n a su puesta en pr\u00e1ctica.<\/p>\n<\/div>\n<\/div>\n<\/div>\n","protected":false},"excerpt":{"rendered":"<p>Pol\u00edtica de Privacidad Particular informa a los usuarios del sitio web sobre su pol\u00edtica respecto del tratamiento y protecci\u00f3n de<\/p>\n","protected":false},"author":31,"featured_media":0,"parent":20799,"menu_order":0,"comment_status":"closed","ping_status":"closed","template":"","meta":{"footnotes":"","_links_to":"","_links_to_target":""},"class_list":["post-20595","page","type-page","status-publish","hentry"],"publishpress_future_action":{"enabled":false,"date":"2026-05-10 05:32:17","action":"change-status","newStatus":"draft","terms":[],"taxonomy":"","extraData":[]},"publishpress_future_workflow_manual_trigger":{"enabledWorkflows":[]},"_links":{"self":[{"href":"https:\/\/www.cgt-lkn.org\/bizkaia\/wp-json\/wp\/v2\/pages\/20595","targetHints":{"allow":["GET"]}}],"collection":[{"href":"https:\/\/www.cgt-lkn.org\/bizkaia\/wp-json\/wp\/v2\/pages"}],"about":[{"href":"https:\/\/www.cgt-lkn.org\/bizkaia\/wp-json\/wp\/v2\/types\/page"}],"author":[{"embeddable":true,"href":"https:\/\/www.cgt-lkn.org\/bizkaia\/wp-json\/wp\/v2\/users\/31"}],"replies":[{"embeddable":true,"href":"https:\/\/www.cgt-lkn.org\/bizkaia\/wp-json\/wp\/v2\/comments?post=20595"}],"version-history":[{"count":2,"href":"https:\/\/www.cgt-lkn.org\/bizkaia\/wp-json\/wp\/v2\/pages\/20595\/revisions"}],"predecessor-version":[{"id":20601,"href":"https:\/\/www.cgt-lkn.org\/bizkaia\/wp-json\/wp\/v2\/pages\/20595\/revisions\/20601"}],"up":[{"embeddable":true,"href":"https:\/\/www.cgt-lkn.org\/bizkaia\/wp-json\/wp\/v2\/pages\/20799"}],"wp:attachment":[{"href":"https:\/\/www.cgt-lkn.org\/bizkaia\/wp-json\/wp\/v2\/media?parent=20595"}],"curies":[{"name":"wp","href":"https:\/\/api.w.org\/{rel}","templated":true}]}}