{"id":11242,"date":"2015-08-08T14:40:23","date_gmt":"2015-08-08T12:40:23","guid":{"rendered":"http:\/\/www.cgt-lkn.org\/bizkaia\/?page_id=11242"},"modified":"2025-02-11T17:55:06","modified_gmt":"2025-02-11T16:55:06","slug":"guias","status":"publish","type":"page","link":"https:\/\/www.cgt-lkn.org\/bizkaia\/recursos-laborales\/guias","title":{"rendered":"Gu\u00edas"},"content":{"rendered":"<h2 style=\"text-align: left;\"><a href=\"https:\/\/www.cgt-lkn.org\/blog\/archivos\/15731\">GU\u00cdA PARA COMBATIR EL ACOSO<\/a><\/h2>\n<p><a href=\"https:\/\/www.cgt-lkn.org\/blog\/archivos\/15731\"><img loading=\"lazy\" decoding=\"async\" class=\"alignnone wp-image-23214 aligncenter\" src=\"https:\/\/www.cgt-lkn.org\/bizkaia\/wp-content\/uploads\/sites\/21\/2023\/04\/acoso-mobing-cgT-WEB-300x113.jpg\" alt=\"\" width=\"393\" height=\"148\" srcset=\"https:\/\/www.cgt-lkn.org\/bizkaia\/wp-content\/uploads\/sites\/21\/2023\/04\/acoso-mobing-cgT-WEB-300x113.jpg 300w, https:\/\/www.cgt-lkn.org\/bizkaia\/wp-content\/uploads\/sites\/21\/2023\/04\/acoso-mobing-cgT-WEB-585x220.jpg 585w, https:\/\/www.cgt-lkn.org\/bizkaia\/wp-content\/uploads\/sites\/21\/2023\/04\/acoso-mobing-cgT-WEB.jpg 600w\" sizes=\"auto, (max-width: 393px) 100vw, 393px\" \/><\/a><\/p>\n<hr \/>\n<h2 style=\"text-align: left;\"><a href=\"https:\/\/www.cgt-lkn.org\/wp-content\/uploads\/sites\/21\/2022\/04\/guia-basica-precarios-cgt.pdf\" target=\"_blank\" rel=\"noopener\">Gu\u00eda b\u00e1sica de autodefensa laboral para precarias y precarios<\/a><\/h2>\n<p><a href=\"https:\/\/www.cgt-lkn.org\/wp-content\/uploads\/sites\/21\/2022\/04\/guia-basica-precarios-cgt.pdf\" target=\"_blank\" rel=\"noopener\"><img loading=\"lazy\" decoding=\"async\" class=\"aligncenter wp-image-22350\" src=\"https:\/\/www.cgt-lkn.org\/bizkaia\/wp-content\/uploads\/sites\/21\/2022\/04\/guia-autodefensa-laboral-precario-cgt.jpg\" alt=\"\" width=\"344\" height=\"485\" srcset=\"https:\/\/www.cgt-lkn.org\/bizkaia\/wp-content\/uploads\/sites\/21\/2022\/04\/guia-autodefensa-laboral-precario-cgt.jpg 416w, https:\/\/www.cgt-lkn.org\/bizkaia\/wp-content\/uploads\/sites\/21\/2022\/04\/guia-autodefensa-laboral-precario-cgt-213x300.jpg 213w\" sizes=\"auto, (max-width: 344px) 100vw, 344px\" \/><\/a><\/p>\n<hr \/>\n<h2 style=\"text-align: left;\"><a href=\"https:\/\/www.cgt-lkn.org\/bizkaia\/wp-content\/uploads\/sites\/21\/2022\/03\/GUIA-CGT-EMPLEADAS-DEL-HOGAR-CGT.pdf\" target=\"_blank\" rel=\"noopener\">GU\u00cdA EMPLEADAS DEL HOGAR <\/a><\/h2>\n<h2><a href=\"https:\/\/www.cgt-lkn.org\/bizkaia\/wp-content\/uploads\/sites\/21\/2022\/03\/GUIA-CGT-EMPLEADAS-DEL-HOGAR-CGT.pdf\" target=\"_blank\" rel=\"noopener\"><img loading=\"lazy\" decoding=\"async\" class=\"aligncenter size-full wp-image-20583\" src=\"https:\/\/www.cgt-lkn.org\/bizkaia\/wp-content\/uploads\/sites\/21\/2020\/10\/Guia-empleadas-hogar-CGT.jpg\" alt=\"\" width=\"309\" height=\"433\" srcset=\"https:\/\/www.cgt-lkn.org\/bizkaia\/wp-content\/uploads\/sites\/21\/2020\/10\/Guia-empleadas-hogar-CGT.jpg 309w, https:\/\/www.cgt-lkn.org\/bizkaia\/wp-content\/uploads\/sites\/21\/2020\/10\/Guia-empleadas-hogar-CGT-214x300.jpg 214w, https:\/\/www.cgt-lkn.org\/bizkaia\/wp-content\/uploads\/sites\/21\/2020\/10\/Guia-empleadas-hogar-CGT-300x420.jpg 300w\" sizes=\"auto, (max-width: 309px) 100vw, 309px\" \/><\/a><\/h2>\n<hr \/>\n<h2><a title=\"Enlace permanente a Gu\u00eda r\u00e1pida Covid-19 sobre Seguridad y Salud en los centros de trabajo\" href=\"https:\/\/cgt.org.es\/wp-content\/uploads\/sites\/21\/2020\/03\/Guia-Rapida-CoVid19.pdf\" rel=\"bookmark\">Gu\u00eda r\u00e1pida Covid-19 sobre Seguridad y Salud en los centros de trabajo<\/a><\/h2>\n<p><a href=\"https:\/\/cgt.org.es\/wp-content\/uploads\/sites\/21\/2020\/03\/Guia-Rapida-CoVid19.pdf\" target=\"_blank\" rel=\"noopener\"><img loading=\"lazy\" decoding=\"async\" class=\"aligncenter wp-image-20034\" src=\"https:\/\/www.cgt-lkn.org\/bizkaia\/wp-content\/uploads\/sites\/21\/2020\/06\/Gu\u00eda-r\u00e1pida-COVID-19-sobre-los-ERTE-CGT.jpg\" alt=\"\" width=\"213\" height=\"301\" \/><\/a><\/p>\n<hr \/>\n<h2><a href=\"https:\/\/www.cgt-lkn.org\/bizkaia\/archivos\/19035\">CONSEJOS PARA TRABAJADORXS ANTE LA SITUACI\u00d3N DE ALARMA<\/a><\/h2>\n<p><a href=\"https:\/\/www.cgt-lkn.org\/bizkaia\/archivos\/19035\" target=\"_blank\" rel=\"noopener\"><img loading=\"lazy\" decoding=\"async\" class=\"aligncenter wp-image-19003\" src=\"https:\/\/www.cgt-lkn.org\/bizkaia\/wp-content\/uploads\/sites\/21\/2020\/03\/1800x1200_coronavirus_1-b28c7.jpg\" alt=\"\" width=\"371\" height=\"248\" srcset=\"https:\/\/www.cgt-lkn.org\/bizkaia\/wp-content\/uploads\/sites\/21\/2020\/03\/1800x1200_coronavirus_1-b28c7.jpg 500w, https:\/\/www.cgt-lkn.org\/bizkaia\/wp-content\/uploads\/sites\/21\/2020\/03\/1800x1200_coronavirus_1-b28c7-300x200.jpg 300w, https:\/\/www.cgt-lkn.org\/bizkaia\/wp-content\/uploads\/sites\/21\/2020\/03\/1800x1200_coronavirus_1-b28c7-200x134.jpg 200w, https:\/\/www.cgt-lkn.org\/bizkaia\/wp-content\/uploads\/sites\/21\/2020\/03\/1800x1200_coronavirus_1-b28c7-400x267.jpg 400w\" sizes=\"auto, (max-width: 371px) 100vw, 371px\" \/><\/a><\/p>\n<hr \/>\n<h2 style=\"text-align: left;\"><a href=\"https:\/\/www.cgt-lkn.org\/bizkaia\/wp-content\/uploads\/sites\/21\/2020\/01\/Guia-Inspeccion-de-trabajo-CGT.pdf\">Gu\u00eda Inspecci\u00f3n de trabajo<\/a><\/h2>\n<p><a href=\"https:\/\/www.cgt-lkn.org\/bizkaia\/wp-content\/uploads\/sites\/21\/2020\/01\/Guia-Inspeccion-de-trabajo-CGT.pdf\" target=\"_blank\" rel=\"noopener\"><img loading=\"lazy\" decoding=\"async\" class=\"aligncenter wp-image-18910\" src=\"https:\/\/www.cgt-lkn.org\/bizkaia\/wp-content\/uploads\/sites\/21\/2020\/02\/Portada-Guia-Inspeccion-Trabajo-CGT.jpg\" alt=\"\" width=\"310\" height=\"439\" srcset=\"https:\/\/www.cgt-lkn.org\/bizkaia\/wp-content\/uploads\/sites\/21\/2020\/02\/Portada-Guia-Inspeccion-Trabajo-CGT.jpg 565w, https:\/\/www.cgt-lkn.org\/bizkaia\/wp-content\/uploads\/sites\/21\/2020\/02\/Portada-Guia-Inspeccion-Trabajo-CGT-212x300.jpg 212w, https:\/\/www.cgt-lkn.org\/bizkaia\/wp-content\/uploads\/sites\/21\/2020\/02\/Portada-Guia-Inspeccion-Trabajo-CGT-141x200.jpg 141w, https:\/\/www.cgt-lkn.org\/bizkaia\/wp-content\/uploads\/sites\/21\/2020\/02\/Portada-Guia-Inspeccion-Trabajo-CGT-400x566.jpg 400w\" sizes=\"auto, (max-width: 310px) 100vw, 310px\" \/><\/a><\/p>\n<hr \/>\n<h2><a title=\"guia para defenderse ante las m tuas\" href=\"https:\/\/www.cgt-lkn.org\/bizkaia\/archivos\/2368\" target=\"_blank\" rel=\"noopener noreferrer\">Gu\u00eda para defenderse ante las mutuas<\/a><\/h2>\n<p><a href=\"https:\/\/www.cgt-lkn.org\/bizkaia\/archivos\/2368\" target=\"_blank\" rel=\"noopener\"><img loading=\"lazy\" decoding=\"async\" class=\"aligncenter wp-image-17601\" src=\"https:\/\/www.cgt-lkn.org\/bizkaia\/wp-content\/uploads\/sites\/21\/2019\/02\/Ley-Mutuas.png\" alt=\"\" width=\"298\" height=\"422\" srcset=\"https:\/\/www.cgt-lkn.org\/bizkaia\/wp-content\/uploads\/sites\/21\/2019\/02\/Ley-Mutuas.png 260w, https:\/\/www.cgt-lkn.org\/bizkaia\/wp-content\/uploads\/sites\/21\/2019\/02\/Ley-Mutuas-212x300.png 212w, https:\/\/www.cgt-lkn.org\/bizkaia\/wp-content\/uploads\/sites\/21\/2019\/02\/Ley-Mutuas-141x200.png 141w\" sizes=\"auto, (max-width: 298px) 100vw, 298px\" \/><\/a><\/p>\n<hr \/>\n<h2 style=\"text-align: center;\"><a title=\"legislaci\u00f3n y leyes\" href=\"http:\/\/www.in-formacioncgt.info\/legislacion\/legislacion.html\" target=\"_blank\" rel=\"noopener noreferrer\"><b>LEGISLACI\u00d3N Y LEYES<\/b><\/a><\/h2>\n<p><a href=\"https:\/\/in-formacioncgt.info\/legislacion\/legislacion.html\" target=\"_blank\" rel=\"noopener\"><img loading=\"lazy\" decoding=\"async\" class=\"aligncenter wp-image-18754\" src=\"https:\/\/www.cgt-lkn.org\/bizkaia\/wp-content\/uploads\/sites\/21\/2020\/01\/leyes-y-normas.jpg\" alt=\"\" width=\"433\" height=\"246\" srcset=\"https:\/\/www.cgt-lkn.org\/bizkaia\/wp-content\/uploads\/sites\/21\/2020\/01\/leyes-y-normas.jpg 600w, https:\/\/www.cgt-lkn.org\/bizkaia\/wp-content\/uploads\/sites\/21\/2020\/01\/leyes-y-normas-300x171.jpg 300w, https:\/\/www.cgt-lkn.org\/bizkaia\/wp-content\/uploads\/sites\/21\/2020\/01\/leyes-y-normas-200x114.jpg 200w, https:\/\/www.cgt-lkn.org\/bizkaia\/wp-content\/uploads\/sites\/21\/2020\/01\/leyes-y-normas-400x227.jpg 400w\" sizes=\"auto, (max-width: 433px) 100vw, 433px\" \/><\/a><\/p>\n<hr \/>\n<h2><a title=\"Estatuto-de-los-Trabajadores-1-enero-2014\" href=\"https:\/\/www.boe.es\/buscar\/act.php?id=BOE-A-2015-11430&amp;tn=2&amp;p=20170513\" target=\"_blank\" rel=\"noopener noreferrer\">Estatuto <span style=\"color: #000000;\">anti-<\/span>Trabajadores<\/a>\u00a0actualizado<\/h2>\n<p><a href=\"https:\/\/www.boe.es\/buscar\/act.php?id=BOE-A-2015-11430&amp;tn=2&amp;p=20170513\" target=\"_blank\" rel=\"noopener\"><img loading=\"lazy\" decoding=\"async\" class=\"aligncenter wp-image-22237\" src=\"https:\/\/www.cgt-lkn.org\/bizkaia\/wp-content\/uploads\/sites\/21\/2022\/03\/estatuto-de-los-trabajadores.png\" alt=\"\" width=\"330\" height=\"169\" \/><\/a><\/p>\n<hr \/>\n<h2><a href=\"https:\/\/www.cgt-lkn.org\/bizkaia\/wp-content\/uploads\/sites\/21\/2022\/03\/GUIA-JURIDICA-2017-CGT.pdf\" target=\"_blank\" rel=\"noopener\"><b>GU\u00cdAS JUR\u00cdDO SINDICAL<span style=\"color: #000000;\"> 2011<\/span><\/b><\/a><b><\/b><\/h2>\n<p><a href=\"https:\/\/www.cgt-lkn.org\/bizkaia\/wp-content\/uploads\/sites\/21\/2022\/03\/GUIA-JURIDICA-2017-CGT.pdf\" target=\"_blank\" rel=\"noopener\"><img loading=\"lazy\" decoding=\"async\" class=\"aligncenter wp-image-20406\" src=\"https:\/\/www.cgt-lkn.org\/bizkaia\/wp-content\/uploads\/sites\/21\/2020\/08\/Guia-juridico-Sindical-CGT-2017.png\" alt=\"\" width=\"295\" height=\"415\" srcset=\"https:\/\/www.cgt-lkn.org\/bizkaia\/wp-content\/uploads\/sites\/21\/2020\/08\/Guia-juridico-Sindical-CGT-2017.png 456w, https:\/\/www.cgt-lkn.org\/bizkaia\/wp-content\/uploads\/sites\/21\/2020\/08\/Guia-juridico-Sindical-CGT-2017-213x300.png 213w, https:\/\/www.cgt-lkn.org\/bizkaia\/wp-content\/uploads\/sites\/21\/2020\/08\/Guia-juridico-Sindical-CGT-2017-300x422.png 300w\" sizes=\"auto, (max-width: 295px) 100vw, 295px\" \/><\/a><\/p>\n<h2><\/h2>\n<hr \/>\n<h2><a href=\"https:\/\/cgt.org.es\/wp-content\/uploads\/sites\/21\/2007\/03\/Bole-102.pdf\" target=\"_blank\" rel=\"noopener\">Manual sobre las subcontratas.<\/a><\/h2>\n<p>&nbsp;<\/p>\n<p><a href=\"https:\/\/cgt.org.es\/wp-content\/uploads\/sites\/21\/2007\/03\/Bole-102.pdf\" target=\"_blank\" rel=\"noopener\"><img loading=\"lazy\" decoding=\"async\" class=\"aligncenter wp-image-22239\" src=\"https:\/\/www.cgt-lkn.org\/bizkaia\/wp-content\/uploads\/sites\/21\/2022\/03\/Subcontratas-son-subtrabajos-cgt.jpg\" alt=\"\" width=\"413\" height=\"413\" srcset=\"https:\/\/www.cgt-lkn.org\/bizkaia\/wp-content\/uploads\/sites\/21\/2022\/03\/Subcontratas-son-subtrabajos-cgt.jpg 600w, https:\/\/www.cgt-lkn.org\/bizkaia\/wp-content\/uploads\/sites\/21\/2022\/03\/Subcontratas-son-subtrabajos-cgt-300x300.jpg 300w, https:\/\/www.cgt-lkn.org\/bizkaia\/wp-content\/uploads\/sites\/21\/2022\/03\/Subcontratas-son-subtrabajos-cgt-150x150.jpg 150w, https:\/\/www.cgt-lkn.org\/bizkaia\/wp-content\/uploads\/sites\/21\/2022\/03\/Subcontratas-son-subtrabajos-cgt-585x585.jpg 585w\" sizes=\"auto, (max-width: 413px) 100vw, 413px\" \/><\/a><\/p>\n<p>&nbsp;<\/p>\n<hr \/>\n<h2><a title=\"Preguntas frecuentes sobre la prestaci\u00f3n econ\u00f3mica por desempleo.\" href=\"http:\/\/www.cgt.info\/correosmadrid\/IMG\/pdf\/Preguntas_frecuentes_sobre_el_desempleo.pdf\" target=\"_blank\" rel=\"noopener noreferrer\">Preguntas frecuentes sobre la prestaci\u00f3n econ\u00f3mica por desempleo.<\/a><\/h2>\n<p><a href=\"https:\/\/www.cgt.info\/correosmadrid\/IMG\/pdf\/Preguntas_frecuentes_sobre_el_desempleo.pdf\" target=\"_blank\" rel=\"noopener\"><img loading=\"lazy\" decoding=\"async\" class=\"aligncenter wp-image-22240\" src=\"https:\/\/www.cgt-lkn.org\/bizkaia\/wp-content\/uploads\/sites\/21\/2022\/03\/preguntas-desempleo-cgt.jpg\" alt=\"\" width=\"433\" height=\"329\" srcset=\"https:\/\/www.cgt-lkn.org\/bizkaia\/wp-content\/uploads\/sites\/21\/2022\/03\/preguntas-desempleo-cgt.jpg 600w, https:\/\/www.cgt-lkn.org\/bizkaia\/wp-content\/uploads\/sites\/21\/2022\/03\/preguntas-desempleo-cgt-300x229.jpg 300w, https:\/\/www.cgt-lkn.org\/bizkaia\/wp-content\/uploads\/sites\/21\/2022\/03\/preguntas-desempleo-cgt-585x446.jpg 585w\" sizes=\"auto, (max-width: 433px) 100vw, 433px\" \/><\/a><\/p>\n<hr \/>\n<h2><a href=\"https:\/\/www.cgt-lkn.org\/bizkaia\/wp-content\/uploads\/sites\/21\/2020\/05\/que-hacer-antes-un-despido-o-fin-de-contrato.pdf\" target=\"_blank\" rel=\"noopener\">\u00bfQu\u00e9 hacer ante un despido o fin de contrato?<\/a><\/h2>\n<p><a href=\"https:\/\/www.cgt-lkn.org\/bizkaia\/wp-content\/uploads\/sites\/21\/2020\/05\/que-hacer-antes-un-despido-o-fin-de-contrato.pdf\" target=\"_blank\" rel=\"noopener\"><img loading=\"lazy\" decoding=\"async\" class=\"aligncenter wp-image-19854\" src=\"https:\/\/www.cgt-lkn.org\/bizkaia\/wp-content\/uploads\/sites\/21\/2020\/05\/que-hacer-ante-un-despido-o-fin-de-contrato.jpg\" alt=\"\" width=\"457\" height=\"347\" srcset=\"https:\/\/www.cgt-lkn.org\/bizkaia\/wp-content\/uploads\/sites\/21\/2020\/05\/que-hacer-ante-un-despido-o-fin-de-contrato.jpg 600w, https:\/\/www.cgt-lkn.org\/bizkaia\/wp-content\/uploads\/sites\/21\/2020\/05\/que-hacer-ante-un-despido-o-fin-de-contrato-300x228.jpg 300w, https:\/\/www.cgt-lkn.org\/bizkaia\/wp-content\/uploads\/sites\/21\/2020\/05\/que-hacer-ante-un-despido-o-fin-de-contrato-200x152.jpg 200w, https:\/\/www.cgt-lkn.org\/bizkaia\/wp-content\/uploads\/sites\/21\/2020\/05\/que-hacer-ante-un-despido-o-fin-de-contrato-400x303.jpg 400w, https:\/\/www.cgt-lkn.org\/bizkaia\/wp-content\/uploads\/sites\/21\/2020\/05\/que-hacer-ante-un-despido-o-fin-de-contrato-80x60.jpg 80w\" sizes=\"auto, (max-width: 457px) 100vw, 457px\" \/><\/a><\/p>\n<hr \/>\n<h2>\u00a0\u00a0<a title=\"Gu\u00eda laboral juvenil\" href=\"https:\/\/www.cgt-lkn.org\/bizkaia\/wp-content\/uploads\/sites\/21\/2020\/04\/guia-laboral-juvenil.pdf\" target=\"_blank\" rel=\"noopener noreferrer\">Gu\u00eda laboral juvenil<\/a><\/h2>\n<h2>A la juventud actual se nos empuja de manera insistente y premeditada hacia una situaci\u00f3n laboral degradada, onden\u00e1ndonos masivamente a engrosar las cifras del PARO y de la PRECARIEDAD LABORAL.<\/h2>\n<p><a href=\"https:\/\/www.cgt-lkn.org\/bizkaia\/wp-content\/uploads\/sites\/21\/2020\/04\/guia-laboral-juvenil.pdf\" target=\"_blank\" rel=\"noopener\"><img loading=\"lazy\" decoding=\"async\" class=\"aligncenter wp-image-21705\" src=\"https:\/\/www.cgt-lkn.org\/bizkaia\/wp-content\/uploads\/sites\/21\/2021\/11\/conoce-tu-derechos-sentencia-laboral-CGT.jpg\" alt=\"\" width=\"450\" height=\"271\" \/><\/a><\/p>\n<div>\n<hr \/>\n<\/div>\n<h2><a href=\"https:\/\/www.cgt-lkn.org\/bizkaia\/wp-content\/uploads\/sites\/21\/2022\/03\/sistema-seguridad-social-y-su-reforma-con-respuestas-cgt.pdf\" target=\"_blank\" rel=\"noopener\">\u00a0El sistema de la Seguridad Social y la reforma de las pensiones. Preguntas con respuesta<\/a><\/h2>\n<p><a href=\"https:\/\/www.cgt-lkn.org\/bizkaia\/wp-content\/uploads\/sites\/21\/2022\/03\/sistema-seguridad-social-y-su-reforma-con-respuestas-cgt.pdf\" target=\"_blank\" rel=\"noopener\"><img loading=\"lazy\" decoding=\"async\" class=\"aligncenter wp-image-18557\" src=\"https:\/\/www.cgt-lkn.org\/bizkaia\/wp-content\/uploads\/sites\/21\/2019\/09\/cartel-Nos-quieren-robar-el-futuro-animado-web.gif\" alt=\"\" width=\"301\" height=\"426\" \/><\/a><\/p>\n<p>&nbsp;<\/p>\n<hr \/>\n<h2><a href=\"https:\/\/www.cgt-lkn.org\/bizkaia\/wp-content\/uploads\/sites\/21\/2022\/03\/GUIA-ELECCIONES-SINDICALES-CGT.pdf\" target=\"_blank\" rel=\"noopener\">\u00a0Gu\u00eda de Elecciones Sindicales.<\/a><\/h2>\n<p><a href=\"https:\/\/www.cgt-lkn.org\/bizkaia\/wp-content\/uploads\/sites\/21\/2022\/03\/GUIA-ELECCIONES-SINDICALES-CGT.pdf\" target=\"_blank\" rel=\"noopener\"><img loading=\"lazy\" decoding=\"async\" class=\"aligncenter wp-image-22243\" src=\"https:\/\/www.cgt-lkn.org\/bizkaia\/wp-content\/uploads\/sites\/21\/2022\/03\/guia-elecciones-sindicales-cgt.png\" alt=\"\" width=\"257\" height=\"361\" \/><\/a><\/p>\n<p>&nbsp;<\/p>\n<div>\n<hr \/>\n<\/div>\n<h2>\u00a0<a title=\"Paternidad:\" href=\"https:\/\/drive.google.com\/file\/d\/0B6jr4JuFhhhTamVwNWtkbGs0Uzg\/view?usp=sharing\" target=\"_blank\" rel=\"noopener noreferrer\">Paternidad:<\/a>\u00a0Subsidio por paternidad<\/h2>\n<h2><\/h2>\n<h2><a title=\"Maternidad\" href=\"https:\/\/www.cgt-lkn.org\/bizkaia\/wp-content\/uploads\/sites\/21\/2011\/02\/maternidad.pdf\" target=\"_blank\" rel=\"noopener noreferrer\">Maternidad<\/a>:\u00a0En este dossier explicaremos de forma amplia las mejoras de los \u00faltimos a\u00f1os en relaci\u00f3n a la maternidad, as\u00ed como los permisos y prestaciones relacionadas con la misma.<\/h2>\n<div><\/div>\n<h2><a href=\"https:\/\/www.cgt-lkn.org\/bizkaia\/archivos\/embarazo_cgt.pdf\" target=\"_blank\" rel=\"noopener noreferrer\">Derechos laborales en situaci\u00f3n de maternidad-embarazo y paternidad<\/a>: Todo el texto contiene las \u00faltimas modificaciones que ha introducido en el Estatuto de los Trabajadores la Ley Org\u00e1nica 3\/2007.<a href=\"https:\/\/www.cgt-lkn.org\/bizkaia\/archivos\/vendedores_callejeros.pdf\" target=\"_blank\" rel=\"noopener noreferrer\">Gu\u00eda r\u00e1pida de derechos para vendedores callejeros:<\/a>\u00a0Si la polic\u00eda te detiene por vender en la calle cd\u2019s, dvd\u2019s, gafas, ropa de marca o cualquier otra cosa, \u00bfqu\u00e9 derechos tienes?<\/h2>\n<div><\/div>\n<h2><\/h2>\n<h2><a title=\"CAMBIOS EN MATERNIDAD\" href=\"https:\/\/www.cgt-lkn.org\/bizkaia\/wp-content\/uploads\/sites\/21\/2012\/03\/CAMBIOS-EN-LA-LEY-DE-MATERNIDAD-CON-LA-NUEVA-REFORMA-LABORAL.pdf\" target=\"_blank\" rel=\"noopener noreferrer\">Cambios en la LEY DE \u00a0MATERNIDAD<\/a><\/h2>\n<h2><\/h2>\n<h2><a href=\"http:\/\/cgt-sft.org\/IMG\/pdf\/guia_autodefensa_mutuas.pdf\" target=\"_blank\" rel=\"noopener noreferrer\">Gu\u00eda de autodefensa frente a las m\u00fatuas laborales<\/a>.<a href=\"https:\/\/www.cgt-lkn.org\/bizkaia\/?p=3389\">Gu\u00eda b\u00e1sica de actuaci\u00f3n en prisi\u00f3n<\/a><\/h2>\n<div><\/div>\n<h2><strong>Gu\u00eda Jur\u00eddico Sindical<\/strong><\/h2>\n<h2><strong><a href=\"http:\/\/in-formacioncgt.info\/juridico-sind\/guias\/guia-juridico-sindical-2011\/CGT_CAP1.pdf\" target=\"_blank\" rel=\"noopener noreferrer\">I. ACTUACI\u00d3N DEL SINDICATO EN LA EMPRESA<\/a> <\/strong><br \/>\n<strong><a href=\"http:\/\/in-formacioncgt.info\/juridico-sind\/guias\/guia-juridico-sindical-2011\/CGT_CAP2.pdf\" target=\"_blank\" rel=\"noopener noreferrer\">II. NEGOCIACI\u00d3N COLECTIVA<\/a> <\/strong><br \/>\n<strong><a href=\"http:\/\/in-formacioncgt.info\/juridico-sind\/guias\/guia-juridico-sindical-2011\/CGT_CAP3.pdf\" target=\"_blank\" rel=\"noopener noreferrer\">III. RELACI\u00d3N INDIVIDUAL DE TRABAJO<\/a> <\/strong><br \/>\n<strong><a href=\"http:\/\/in-formacioncgt.info\/juridico-sind\/guias\/guia-juridico-sindical-2011\/CGT_CAP4.pdf\" target=\"_blank\" rel=\"noopener noreferrer\">IV. ETT, CONTRATAS, SUBCONTRATAS, CESI\u00d3N IL\u00cdCITA DE TRABAJADORES\/AS<\/a> <\/strong><br \/>\n<strong><a href=\"http:\/\/in-formacioncgt.info\/juridico-sind\/guias\/guia-juridico-sindical-2011\/CGT_CAP5.pdf\" target=\"_blank\" rel=\"noopener noreferrer\">V. MATERNIDAD Y PATERNIDAD<\/a> <\/strong><br \/>\n<strong><a href=\"http:\/\/in-formacioncgt.info\/juridico-sind\/guias\/guia-juridico-sindical-2011\/CGT_CAP6.pdf\" target=\"_blank\" rel=\"noopener noreferrer\">VI. SALUD LABORAL<\/a> <\/strong><br \/>\n<strong><a href=\"http:\/\/in-formacioncgt.info\/juridico-sind\/guias\/guia-juridico-sindical-2011\/CGT_CAP7.pdf\" target=\"_blank\" rel=\"noopener noreferrer\">VII. ACOSO MORAL EN EL TRABAJO<\/a> <\/strong><br \/>\n<strong><a href=\"http:\/\/in-formacioncgt.info\/juridico-sind\/guias\/guia-juridico-sindical-2011\/CGT_CAP8.pdf\" target=\"_blank\" rel=\"noopener noreferrer\">VIII. CONFLICTOS COLECTIVOS, HUELGA Y CIERRE PATRONAL<\/a> <\/strong><br \/>\n<strong><a href=\"http:\/\/in-formacioncgt.info\/juridico-sind\/guias\/guia-juridico-sindical-2011\/CGT_CAP9.pdf\" target=\"_blank\" rel=\"noopener noreferrer\">IX. LA INSPECCI\u00d3N DE TRABAJO. INFRACCIONES Y SANCIONES EN EL ORDEN SOCIAL<\/a> <\/strong><br \/>\n<strong><a href=\"http:\/\/in-formacioncgt.info\/juridico-sind\/guias\/guia-juridico-sindical-2011\/CGT_CAP10.pdf\" target=\"_blank\" rel=\"noopener noreferrer\">X. DELITOS CONTRA LOS TRABAJADORES\/AS<\/a> <\/strong><br \/>\n<strong><a href=\"http:\/\/in-formacioncgt.info\/juridico-sind\/guias\/guia-juridico-sindical-2011\/CGT_CAP11.pdf\" target=\"_blank\" rel=\"noopener noreferrer\">XI. ALGUNAS DE LAS PRESTACIONES DE LA SEGURIDAD SOCIAL<\/a> <\/strong><br \/>\n<strong><a href=\"http:\/\/in-formacioncgt.info\/juridico-sind\/guias\/guia-juridico-sindical-2011\/CGT_CAP12.pdf\" target=\"_blank\" rel=\"noopener noreferrer\">XII. DISCRIMINACI\u00d3N EN EL \u00c1MBITO LABORAL<\/a> <\/strong><br \/>\n<strong><a href=\"http:\/\/in-formacioncgt.info\/juridico-sind\/guias\/guia-juridico-sindical-2011\/CGT_CAP13.pdf\" target=\"_blank\" rel=\"noopener noreferrer\">XIII. BREVE COMENTARIO SOBRE EL PROCEDIMIENTO LABORAL<\/a> <\/strong><br \/>\n<strong><a href=\"http:\/\/in-formacioncgt.info\/juridico-sind\/guias\/guia-juridico-sindical-2011\/CGT_CAP14.pdf\" target=\"_blank\" rel=\"noopener noreferrer\">XIV. EL CONCURSO DE ACREEDORES. ASPECTOS RELEVANTES PARA LAS RELACIONES LABORALES<\/a> <\/strong><br \/>\n<strong><a href=\"http:\/\/in-formacioncgt.info\/juridico-sind\/guias\/guia-juridico-sindical-2011\/CGT_CAP15.pdf\" target=\"_blank\" rel=\"noopener noreferrer\">XV. LAS MUTUAS<\/a> <\/strong><br \/>\n<strong><a href=\"http:\/\/in-formacioncgt.info\/juridico-sind\/guias\/guia-juridico-sindical-2011\/CGT_CAP16.pdf\" target=\"_blank\" rel=\"noopener noreferrer\">XVI. DERECHOS MEDIOAMBIENTALES DE LOS TRABAJADORES\/AS<\/a> <\/strong><br \/>\n<strong><a href=\"http:\/\/in-formacioncgt.info\/juridico-sind\/guias\/guia-juridico-sindical-2011\/CGT_CAP17_ANEXOS.pdf\" target=\"_blank\" rel=\"noopener noreferrer\">ANEXOS<\/a><\/strong><\/h2>\n","protected":false},"excerpt":{"rendered":"<p>GU\u00cdA PARA COMBATIR EL ACOSO Gu\u00eda b\u00e1sica de autodefensa laboral para precarias y precarios GU\u00cdA EMPLEADAS DEL HOGAR Gu\u00eda r\u00e1pida<\/p>\n","protected":false},"author":57,"featured_media":0,"parent":21039,"menu_order":3,"comment_status":"open","ping_status":"closed","template":"","meta":{"footnotes":"","_links_to":"","_links_to_target":""},"class_list":["post-11242","page","type-page","status-publish","hentry"],"publishpress_future_action":{"enabled":false,"date":"2026-05-01 08:24:46","action":"change-status","newStatus":"draft","terms":[],"taxonomy":"","extraData":[]},"publishpress_future_workflow_manual_trigger":{"enabledWorkflows":[]},"_links":{"self":[{"href":"https:\/\/www.cgt-lkn.org\/bizkaia\/wp-json\/wp\/v2\/pages\/11242","targetHints":{"allow":["GET"]}}],"collection":[{"href":"https:\/\/www.cgt-lkn.org\/bizkaia\/wp-json\/wp\/v2\/pages"}],"about":[{"href":"https:\/\/www.cgt-lkn.org\/bizkaia\/wp-json\/wp\/v2\/types\/page"}],"author":[{"embeddable":true,"href":"https:\/\/www.cgt-lkn.org\/bizkaia\/wp-json\/wp\/v2\/users\/57"}],"replies":[{"embeddable":true,"href":"https:\/\/www.cgt-lkn.org\/bizkaia\/wp-json\/wp\/v2\/comments?post=11242"}],"version-history":[{"count":13,"href":"https:\/\/www.cgt-lkn.org\/bizkaia\/wp-json\/wp\/v2\/pages\/11242\/revisions"}],"predecessor-version":[{"id":24278,"href":"https:\/\/www.cgt-lkn.org\/bizkaia\/wp-json\/wp\/v2\/pages\/11242\/revisions\/24278"}],"up":[{"embeddable":true,"href":"https:\/\/www.cgt-lkn.org\/bizkaia\/wp-json\/wp\/v2\/pages\/21039"}],"wp:attachment":[{"href":"https:\/\/www.cgt-lkn.org\/bizkaia\/wp-json\/wp\/v2\/media?parent=11242"}],"curies":[{"name":"wp","href":"https:\/\/api.w.org\/{rel}","templated":true}]}}