{"id":630,"date":"2012-01-04T12:18:37","date_gmt":"2012-01-04T12:18:37","guid":{"rendered":"http:\/\/www.cgt-lkn.org\/bizkaia\/estampa\/?page_id=630"},"modified":"2021-01-02T09:43:52","modified_gmt":"2021-01-02T08:43:52","slug":"base-reguladora","status":"publish","type":"page","link":"https:\/\/www.cgt-lkn.org\/bizkaia-gestamp\/recursos-laborales\/enlaces\/base-reguladora\/","title":{"rendered":"Base reguladora"},"content":{"rendered":"<p><strong>Norma general:<\/strong><\/p>\n<p>Es el resultado de dividir el importe de la base de cotizaci\u00f3n del trabajador en el mes anterior al de la fecha de iniciaci\u00f3n de la incapacidad por el n\u00famero de d\u00edas a que dicha cotizaci\u00f3n se refiere (este divisor ser\u00e1 concretamente: 30, si el trabajador tiene salario mensual; 30, 31 \u00f3 28, 29 si tiene salario diario).<\/p>\n<p>No obstante, si el trabajador ingresa en la empresa en el mismo mes en que se inicia la incapacidad, se tomar\u00e1 para la\u00a0BR\u00a0la base de cotizaci\u00f3n\u00a0de dicho mes, dividida por los d\u00edas efectivamente cotizados. Tambi\u00e9n, se tomar\u00e1 como divisor los d\u00edas efectivamente cotizados, cuando el trabajador no ha permanecido en alta durante todo el mes natural anterior.<\/p>\n<p><a href=\"https:\/\/www.cgt-lkn.org\/afiliar\/public\/#!\/\"><img loading=\"lazy\" decoding=\"async\" class=\"size-full wp-image-7479 aligncenter\" src=\"https:\/\/www.cgt-lkn.org\/wp-content\/uploads\/sites\/20\/2021\/01\/afiliate-CGT-juntos.png\" alt=\"\" width=\"244\" height=\"206\" \/><\/a><\/p>\n<p><strong>En los supuestos de accidente de trabajo o enfermedad profesional:<\/strong><\/p>\n<p>La BR se obtiene por adici\u00f3n de dos sumandos:<\/p>\n<ul>\n<li>La base de cotizaci\u00f3n por contingencias profesionales del mes anterior, sin horas extraordinarias, dividida por el n\u00famero de d\u00edas a que corresponda dicha cotizaci\u00f3n.<\/li>\n<li>La cotizaci\u00f3n por horas extraordinarias del a\u00f1o natural anterior, dividida entre 365 d\u00edas.<\/li>\n<\/ul>\n<p><strong>Porcentaje<\/strong><\/p>\n<p><strong>En caso de enfermedad com\u00fan y accidente no laboral:<\/strong><\/p>\n<ul>\n<li>60% desde el d\u00eda 4 hasta el 20 inclusive.<\/li>\n<li>75% desde el d\u00eda 21 en adelante.<\/li>\n<\/ul>\n<p><strong>En caso de accidente de trabajo y enfermedad profesional:<\/strong><\/p>\n<ul>\n<li style=\"list-style-type: none\">\n<ul>\n<li>75% desde el d\u00eda en que se produzca el nacimiento del derecho.<\/li>\n<\/ul>\n<\/li>\n<\/ul>\n<p><a href=\"https:\/\/t.me\/CGTGestampBizkaia\"><img loading=\"lazy\" decoding=\"async\" class=\"aligncenter wp-image-7155 size-medium\" src=\"https:\/\/www.cgt-lkn.org\/wp-content\/uploads\/sites\/20\/2020\/08\/canal-telegram-300x169.jpg\" alt=\"\" width=\"300\" height=\"169\" srcset=\"https:\/\/www.cgt-lkn.org\/bizkaia-gestamp\/wp-content\/uploads\/sites\/20\/2020\/08\/canal-telegram-300x169.jpg 300w, https:\/\/www.cgt-lkn.org\/bizkaia-gestamp\/wp-content\/uploads\/sites\/20\/2020\/08\/canal-telegram-150x85.jpg 150w, https:\/\/www.cgt-lkn.org\/bizkaia-gestamp\/wp-content\/uploads\/sites\/20\/2020\/08\/canal-telegram-400x225.jpg 400w, https:\/\/www.cgt-lkn.org\/bizkaia-gestamp\/wp-content\/uploads\/sites\/20\/2020\/08\/canal-telegram.jpg 600w\" sizes=\"auto, (max-width: 300px) 100vw, 300px\" \/><\/a><\/p>\n","protected":false},"excerpt":{"rendered":"<p>Norma general: Es el resultado de dividir el importe de la base de cotizaci\u00f3n del trabajador en el mes anterior<\/p>\n","protected":false},"author":31,"featured_media":0,"parent":37,"menu_order":0,"comment_status":"closed","ping_status":"open","template":"","meta":{"footnotes":"","_links_to":"","_links_to_target":""},"class_list":["post-630","page","type-page","status-publish","hentry"],"publishpress_future_action":{"enabled":false,"date":"2026-05-07 18:05:39","action":"change-status","newStatus":"draft","terms":[],"taxonomy":"","extraData":[]},"publishpress_future_workflow_manual_trigger":{"enabledWorkflows":[]},"_links":{"self":[{"href":"https:\/\/www.cgt-lkn.org\/bizkaia-gestamp\/wp-json\/wp\/v2\/pages\/630","targetHints":{"allow":["GET"]}}],"collection":[{"href":"https:\/\/www.cgt-lkn.org\/bizkaia-gestamp\/wp-json\/wp\/v2\/pages"}],"about":[{"href":"https:\/\/www.cgt-lkn.org\/bizkaia-gestamp\/wp-json\/wp\/v2\/types\/page"}],"author":[{"embeddable":true,"href":"https:\/\/www.cgt-lkn.org\/bizkaia-gestamp\/wp-json\/wp\/v2\/users\/31"}],"replies":[{"embeddable":true,"href":"https:\/\/www.cgt-lkn.org\/bizkaia-gestamp\/wp-json\/wp\/v2\/comments?post=630"}],"version-history":[{"count":2,"href":"https:\/\/www.cgt-lkn.org\/bizkaia-gestamp\/wp-json\/wp\/v2\/pages\/630\/revisions"}],"predecessor-version":[{"id":7501,"href":"https:\/\/www.cgt-lkn.org\/bizkaia-gestamp\/wp-json\/wp\/v2\/pages\/630\/revisions\/7501"}],"up":[{"embeddable":true,"href":"https:\/\/www.cgt-lkn.org\/bizkaia-gestamp\/wp-json\/wp\/v2\/pages\/37"}],"wp:attachment":[{"href":"https:\/\/www.cgt-lkn.org\/bizkaia-gestamp\/wp-json\/wp\/v2\/media?parent=630"}],"curies":[{"name":"wp","href":"https:\/\/api.w.org\/{rel}","templated":true}]}}

<p><strong>Norma general:</strong></p>
<p>Es el resultado de dividir el importe de la base de cotización del trabajador en el mes anterior al de la fecha de iniciación de la incapacidad por el número de días a que dicha cotización se refiere (este divisor será concretamente: 30, si el trabajador tiene salario mensual; 30, 31 ó 28, 29 si tiene salario diario).</p>
<p>No obstante, si el trabajador ingresa en la empresa en el mismo mes en que se inicia la incapacidad, se tomará para la BR la base de cotización de dicho mes, dividida por los días efectivamente cotizados. También, se tomará como divisor los días efectivamente cotizados, cuando el trabajador no ha permanecido en alta durante todo el mes natural anterior.</p>
<p><a href="https://www.cgt-lkn.org/afiliar/public/#!/"><img loading="lazy" decoding="async" class="size-full wp-image-7479 aligncenter" src="https://www.cgt-lkn.org/wp-content/uploads/sites/20/2021/01/afiliate-CGT-juntos.png" alt="" width="244" height="206" /></a></p>
<p><strong>En los supuestos de accidente de trabajo o enfermedad profesional:</strong></p>
<p>La BR se obtiene por adición de dos sumandos:</p>
<ul>
<li>La base de cotización por contingencias profesionales del mes anterior, sin horas extraordinarias, dividida por el número de días a que corresponda dicha cotización.</li>
<li>La cotización por horas extraordinarias del año natural anterior, dividida entre 365 días.</li>
</ul>
<p><strong>Porcentaje</strong></p>
<p><strong>En caso de enfermedad común y accidente no laboral:</strong></p>
<ul>
<li>60% desde el día 4 hasta el 20 inclusive.</li>
<li>75% desde el día 21 en adelante.</li>
</ul>
<p><strong>En caso de accidente de trabajo y enfermedad profesional:</strong></p>
<ul>
<li style="list-style-type: none">
<ul>
<li>75% desde el día en que se produzca el nacimiento del derecho.</li>
</ul>
</li>
</ul>
<p><a href="https://t.me/CGTGestampBizkaia"><img loading="lazy" decoding="async" class="aligncenter wp-image-7155 size-medium" src="https://www.cgt-lkn.org/wp-content/uploads/sites/20/2020/08/canal-telegram-300x169.jpg" alt="" width="300" height="169" srcset="https://www.cgt-lkn.org/bizkaia-gestamp/wp-content/uploads/sites/20/2020/08/canal-telegram-300x169.jpg 300w, https://www.cgt-lkn.org/bizkaia-gestamp/wp-content/uploads/sites/20/2020/08/canal-telegram-150x85.jpg 150w, https://www.cgt-lkn.org/bizkaia-gestamp/wp-content/uploads/sites/20/2020/08/canal-telegram-400x225.jpg 400w, https://www.cgt-lkn.org/bizkaia-gestamp/wp-content/uploads/sites/20/2020/08/canal-telegram.jpg 600w" sizes="auto, (max-width: 300px) 100vw, 300px" /></a></p>

<p>Norma general: Es el resultado de dividir el importe de la base de cotización del trabajador en el mes anterior</p>
