{"id":4612,"date":"2016-07-09T10:08:36","date_gmt":"2016-07-09T10:08:36","guid":{"rendered":"http:\/\/www.cgt-lkn.org\/bizkaia\/gestamp\/?page_id=4612"},"modified":"2016-07-09T10:18:02","modified_gmt":"2016-07-09T10:18:02","slug":"tu-contrato","status":"publish","type":"page","link":"https:\/\/www.cgt-lkn.org\/bizkaia-gestamp\/recursos-laborales\/preguntas-frecuentes\/tu-contrato\/","title":{"rendered":"TU CONTRATO"},"content":{"rendered":"<p><b>QUE HACER ANTE UN DESPIDO O FIN DE CONTRATO:<\/b><\/p>\n<p>Te vamos a dar unas recomendaciones para actuar frente al despido o fin de contrato. Es necesario que cuando recibas la <b>carta comunicando el despido, <\/b>a\u00fan siendo contrato temporal, firmes\u00a0 <b><i>NO CONFORME y <\/i><\/b>a\u00f1adas <b><i>la fecha <\/i><\/b>real del d\u00eda en que firmas o recibes la carta.<\/p>\n<p>De no recibir la carta y el despido fuese verbal y no te dejasen incorporarte al puesto de trabajo, tendr\u00e1s que tratar de buscar alg\u00fan o alguna testigo o delegad@ sindical que certificase que no has abandonado el puesto y que se impide incorporarte al mismo. Si te es imposible\u00a0 tendr\u00e1s que darte por despedid@ y dar los pasos que te aconsejamos a continuaci\u00f3n.<\/p>\n<p>En ambos casos, despido verbal o por escrito, has de tener en cuenta que cuentas para reclamar 20 d\u00edas h\u00e1biles para impugnarlo o reclamarlo. Los d\u00edas h\u00e1biles para la demanda se cuentan\u00a0 a partir del d\u00eda del despido.<\/p>\n<p><b>\u00bfQUE DESPIDO ES IMPROCEDENTE?<\/b><\/p>\n<p>Existen dos principales supuestos que engloban lo que se conoce como despido improcedente.<\/p>\n<p>En aquellas situaciones que el despido carece de causa, es injustificado. El o la\u00a0 juez en estos casos no considera aprobadas las imputaciones hechas por la empresa, o estimarlas aprobadas, las estima insuficientes para declarar el despido.<\/p>\n<p>En las que la o el empresario no ha cumplido con los requisitos formales, legales o convencionales (carta, expediente, audiencia sindical). La falta de forma genera improcedencia.<\/p>\n<p>En definitiva, aquellos despidos en los que no existan causas reales objetivas que ampare la legislaci\u00f3n para rescindir el contrato y no lleguen a la consideraci\u00f3n de nulos, vendr\u00e1n a ser denominados como improcedentes. De forma com\u00fan podr\u00edan definir que un despido improcedente es un despido ilegal, un despido libre que obedece a alguna causa que vulnera la norma laboral.<\/p>\n<p><b>\u00bfSI DENUNCIO EL DESPIDO CUANDO PODR\u00c9 COBRAR EL PARO?<\/b><\/p>\n<p>No hay ning\u00fan problema. Cuando se denuncia un despido, los d\u00edas limites para solicitar la prestaci\u00f3n por desempleo, se quedan en suspenso hasta que no termine y haya un acuerdo o una resoluci\u00f3n firme sobre el despido. En el momento de<a href=\"https:\/\/www.cgt-lkn.org\/wp-content\/uploads\/sites\/20\/2016\/07\/Despido-o-fin-de-contrato-CGT.png\"><img loading=\"lazy\" decoding=\"async\" class=\"wp-image-4613 alignleft\" src=\"https:\/\/www.cgt-lkn.org\/wp-content\/uploads\/sites\/20\/2016\/07\/Despido-o-fin-de-contrato-CGT.png\" alt=\"Despido o fin de contrato CGT\" width=\"298\" height=\"238\" srcset=\"https:\/\/www.cgt-lkn.org\/bizkaia-gestamp\/wp-content\/uploads\/sites\/20\/2016\/07\/Despido-o-fin-de-contrato-CGT.png 405w, https:\/\/www.cgt-lkn.org\/bizkaia-gestamp\/wp-content\/uploads\/sites\/20\/2016\/07\/Despido-o-fin-de-contrato-CGT-300x239.png 300w, https:\/\/www.cgt-lkn.org\/bizkaia-gestamp\/wp-content\/uploads\/sites\/20\/2016\/07\/Despido-o-fin-de-contrato-CGT-150x120.png 150w, https:\/\/www.cgt-lkn.org\/bizkaia-gestamp\/wp-content\/uploads\/sites\/20\/2016\/07\/Despido-o-fin-de-contrato-CGT-400x319.png 400w\" sizes=\"auto, (max-width: 298px) 100vw, 298px\" \/><\/a> ser declarado el despido\u00a0\u00a0 procedente o improcedente, a partir de ese d\u00eda, comienzan a contar los 15 d\u00edas h\u00e1biles de plazo para solicitar el paro en las oficinas de\u00a0\u00a0\u00a0\u00a0\u00a0\u00a0 <i>LANBIDE.<\/i><\/p>\n<p><b>Finalizaci\u00f3n de contrato temporal<\/b><\/p>\n<p>La finalizaci\u00f3n de los contratos temporales trae consigo el pago por parte de la empresa de una indemnizaci\u00f3n consistente en 8 d\u00edas de salario por a\u00f1o de servicio, En estos casos apenas podemos hablar de antig\u00fcedad (como consecuencia no existe por ejemplo un tope m\u00e1ximo de mensualidades prefijado, como s\u00ed ocurre en el caso del despido improcedente), ni de variables o beneficios sociales, ya que\u00a0 este tipo de retribuciones suelen ofrecerse en los contratos indefinidos.<\/p>\n<p style=\"text-align: left\">De este modo,\u00a0<b>el c\u00e1lculo se limita a 8 d\u00edas de salario por a\u00f1o trabajado o la parte proporcional si el periodo trabajado es inferior a un a\u00f1o<\/b>. Pongamos un\u00a0<b>ejemplo<\/b>. Dada una retribuci\u00f3n bruta de 1.000 euros al mes, una fecha de inicio del contrato de 1 Enero y de \u00a0finalizaci\u00f3n el 30 de Junio. En primer lugar habr\u00eda que hallar el salario diario, y para ello hay quien hace diferenciaciones entre salario\u00a0 diario y salario mensual, y hay quien no. Nosotros estamos en este segundo grupo (lo sentimos, no somos tan puristas), y esto por dos\u00a0\u00a0 razones: primero porque esa regla no existe realmente para el c\u00e1lculo de la indemnizaci\u00f3n (\u00bfd\u00f3nde est\u00e1?, \u00bfalguien la ha visto?), y segundo, porque las diferencias son \u00ednfimas, e incluso a veces inexistentes, y para este tipo de indemnizaciones, a\u00fan m\u00e1s. Bueno, hay una tercera: los c\u00e1lculos sencillos son maravillosos. As\u00ed que obtendr\u00edamos la indemnizaci\u00f3n a pagar en nuestro ejemplo de la siguiente forma: 1000\/30*180\/360*8 = 133,33\u20ac (o 130,42 considerando el salario como diario). Hay que recordar que\u00a0<b>esta indemnizaci\u00f3n \u00a0 \u00a0<\/b><a href=\"http:\/\/piurl.com\/p\/Jkt\"><b>no cotiza a la SS pero, s\u00ed tributa<\/b><\/a><b> a hacienda.<\/b><\/p>\n<p>Tambi\u00e9n habr\u00eda que tener en cuenta la figura del <b>preaviso<\/b>.\u00a0<b>El empresario tiene obligaci\u00f3n de comunicar la finalizaci\u00f3n del contrato con 15 d\u00edas de antelaci\u00f3n en aquellos <\/b><b>cuya duraci\u00f3n sea superior a un a\u00f1o<\/b><b>, <\/b>lo que vendr\u00eda a afectar sobre todo a contratos por obra o servicio. Si la empresa no da el preaviso, est\u00e1 obligada a pagarlo, lo incluimos aqu\u00ed porque si bien el preaviso no es una indemnizaci\u00f3n,\u00a0 tiene un car\u00e1cter claramente compensatorio, y entrar\u00eda en el c\u00e1lculo del finiquito.<\/p>\n<p><strong>CIRCUSTANCIAS DE LA PRODUCCION<\/strong>: Para poder hacer este tipo de contrato la empresa debe estar ante una situaci\u00f3n excepcional, ocasional o transitoria, o que se precise incrementar la respuesta habitual de la empresa ante una coyuntura productiva o del\u00a0 mercado o aumentar la plantilla para nuevas necesidades surgidas. En el contrato hay que especificar claramente la causa que lo motiva. Si la o el trabajador es destinado a realizar permanentes y ordinarias de la empresa, dicho contrato se transforma en indefinido.<\/p>\n<p>Su duraci\u00f3n m\u00e1xima es de 6 meses, en un periodo de 12 meses contados a partir del momento en que se produzca la causa que produzca la contrataci\u00f3n. Por convenio del sector se puede pactar una duraci\u00f3n mayor dentro de un periodo m\u00e1ximo, que no podr\u00e1 exceder en ning\u00fan caso de 18 meses, sin superar 3\/4 del periodo de referencia establecido, ni como m\u00e1ximo 12 meses. En el caso de que un\u00a0 mismo trabajador\/a tenga dos o m\u00e1s contratos de obra o servicio determinado que acumulen 24 meses (consecutivos o no) de un\u00a0 periodo de 30, para la misma empresa o varias del grupo, pasar\u00e1n a indefinidos.<\/p>\n<p>Si el contrato tiene una duraci\u00f3n inferior a 6 meses, \u00e9ste podr\u00e1 ser prorrogado una sola vez y hasta la duraci\u00f3n m\u00e1xima permitida.<\/p>\n<p>En el supuesto de que finalice el contrato y el o la trabajadora sigue prestando sus servicios, el contrato pasa a indefinido.<\/p>\n<p>Tiene una indemnizaci\u00f3n de 8 d\u00edas por a\u00f1o.<\/p>\n<p>&nbsp;<\/p>\n<blockquote class=\"wp-embedded-content\" data-secret=\"BAW4IBLDWm\"><p><a href=\"https:\/\/www.cgt-lkn.org\/bizkaia\/afiliate\">Afiliate<\/a><\/p><\/blockquote>\n<p><iframe loading=\"lazy\" class=\"wp-embedded-content\" sandbox=\"allow-scripts\" security=\"restricted\" style=\"position: absolute; clip: rect(1px, 1px, 1px, 1px);\" title=\"\u00abAfiliate\u00bb \u2014 CGT-LKN Bizkaia\" src=\"https:\/\/www.cgt-lkn.org\/bizkaia\/afiliate\/embed#?secret=BAW4IBLDWm\" data-secret=\"BAW4IBLDWm\" width=\"600\" height=\"338\" frameborder=\"0\" marginwidth=\"0\" marginheight=\"0\" scrolling=\"no\"><\/iframe><\/p>\n<p>&nbsp;<\/p>\n<p><b><i>\u00a0<\/i><\/b><\/p>\n<p>&nbsp;<\/p>\n<p>&nbsp;<\/p>\n<p>&nbsp;<\/p>\n<p>&nbsp;<\/p>\n","protected":false},"excerpt":{"rendered":"<p>QUE HACER ANTE UN DESPIDO O FIN DE CONTRATO: Te vamos a dar unas recomendaciones para actuar frente al despido<\/p>\n","protected":false},"author":72,"featured_media":0,"parent":3079,"menu_order":0,"comment_status":"closed","ping_status":"closed","template":"","meta":{"footnotes":"","_links_to":"","_links_to_target":""},"class_list":["post-4612","page","type-page","status-publish","hentry"],"publishpress_future_action":{"enabled":false,"date":"2026-05-07 19:37:57","action":"change-status","newStatus":"draft","terms":[],"taxonomy":"","extraData":[]},"publishpress_future_workflow_manual_trigger":{"enabledWorkflows":[]},"_links":{"self":[{"href":"https:\/\/www.cgt-lkn.org\/bizkaia-gestamp\/wp-json\/wp\/v2\/pages\/4612","targetHints":{"allow":["GET"]}}],"collection":[{"href":"https:\/\/www.cgt-lkn.org\/bizkaia-gestamp\/wp-json\/wp\/v2\/pages"}],"about":[{"href":"https:\/\/www.cgt-lkn.org\/bizkaia-gestamp\/wp-json\/wp\/v2\/types\/page"}],"author":[{"embeddable":true,"href":"https:\/\/www.cgt-lkn.org\/bizkaia-gestamp\/wp-json\/wp\/v2\/users\/72"}],"replies":[{"embeddable":true,"href":"https:\/\/www.cgt-lkn.org\/bizkaia-gestamp\/wp-json\/wp\/v2\/comments?post=4612"}],"version-history":[{"count":2,"href":"https:\/\/www.cgt-lkn.org\/bizkaia-gestamp\/wp-json\/wp\/v2\/pages\/4612\/revisions"}],"predecessor-version":[{"id":4622,"href":"https:\/\/www.cgt-lkn.org\/bizkaia-gestamp\/wp-json\/wp\/v2\/pages\/4612\/revisions\/4622"}],"up":[{"embeddable":true,"href":"https:\/\/www.cgt-lkn.org\/bizkaia-gestamp\/wp-json\/wp\/v2\/pages\/3079"}],"wp:attachment":[{"href":"https:\/\/www.cgt-lkn.org\/bizkaia-gestamp\/wp-json\/wp\/v2\/media?parent=4612"}],"curies":[{"name":"wp","href":"https:\/\/api.w.org\/{rel}","templated":true}]}}

<p><b>QUE HACER ANTE UN DESPIDO O FIN DE CONTRATO:</b></p>
<p>Te vamos a dar unas recomendaciones para actuar frente al despido o fin de contrato. Es necesario que cuando recibas la <b>carta comunicando el despido, </b>aún siendo contrato temporal, firmes  <b><i>NO CONFORME y </i></b>añadas <b><i>la fecha </i></b>real del día en que firmas o recibes la carta.</p>
<p>De no recibir la carta y el despido fuese verbal y no te dejasen incorporarte al puesto de trabajo, tendrás que tratar de buscar algún o alguna testigo o delegad@ sindical que certificase que no has abandonado el puesto y que se impide incorporarte al mismo. Si te es imposible  tendrás que darte por despedid@ y dar los pasos que te aconsejamos a continuación.</p>
<p>En ambos casos, despido verbal o por escrito, has de tener en cuenta que cuentas para reclamar 20 días hábiles para impugnarlo o reclamarlo. Los días hábiles para la demanda se cuentan  a partir del día del despido.</p>
<p><b>¿QUE DESPIDO ES IMPROCEDENTE?</b></p>
<p>Existen dos principales supuestos que engloban lo que se conoce como despido improcedente.</p>
<p>En aquellas situaciones que el despido carece de causa, es injustificado. El o la  juez en estos casos no considera aprobadas las imputaciones hechas por la empresa, o estimarlas aprobadas, las estima insuficientes para declarar el despido.</p>
<p>En las que la o el empresario no ha cumplido con los requisitos formales, legales o convencionales (carta, expediente, audiencia sindical). La falta de forma genera improcedencia.</p>
<p>En definitiva, aquellos despidos en los que no existan causas reales objetivas que ampare la legislación para rescindir el contrato y no lleguen a la consideración de nulos, vendrán a ser denominados como improcedentes. De forma común podrían definir que un despido improcedente es un despido ilegal, un despido libre que obedece a alguna causa que vulnera la norma laboral.</p>
<p><b>¿SI DENUNCIO EL DESPIDO CUANDO PODRÉ COBRAR EL PARO?</b></p>
<p>No hay ningún problema. Cuando se denuncia un despido, los días limites para solicitar la prestación por desempleo, se quedan en suspenso hasta que no termine y haya un acuerdo o una resolución firme sobre el despido. En el momento de<a href="https://www.cgt-lkn.org/wp-content/uploads/sites/20/2016/07/Despido-o-fin-de-contrato-CGT.png"><img loading="lazy" decoding="async" class="wp-image-4613 alignleft" src="https://www.cgt-lkn.org/wp-content/uploads/sites/20/2016/07/Despido-o-fin-de-contrato-CGT.png" alt="Despido o fin de contrato CGT" width="298" height="238" srcset="https://www.cgt-lkn.org/bizkaia-gestamp/wp-content/uploads/sites/20/2016/07/Despido-o-fin-de-contrato-CGT.png 405w, https://www.cgt-lkn.org/bizkaia-gestamp/wp-content/uploads/sites/20/2016/07/Despido-o-fin-de-contrato-CGT-300x239.png 300w, https://www.cgt-lkn.org/bizkaia-gestamp/wp-content/uploads/sites/20/2016/07/Despido-o-fin-de-contrato-CGT-150x120.png 150w, https://www.cgt-lkn.org/bizkaia-gestamp/wp-content/uploads/sites/20/2016/07/Despido-o-fin-de-contrato-CGT-400x319.png 400w" sizes="auto, (max-width: 298px) 100vw, 298px" /></a> ser declarado el despido   procedente o improcedente, a partir de ese día, comienzan a contar los 15 días hábiles de plazo para solicitar el paro en las oficinas de       <i>LANBIDE.</i></p>
<p><b>Finalización de contrato temporal</b></p>
<p>La finalización de los contratos temporales trae consigo el pago por parte de la empresa de una indemnización consistente en 8 días de salario por año de servicio, En estos casos apenas podemos hablar de antigüedad (como consecuencia no existe por ejemplo un tope máximo de mensualidades prefijado, como sí ocurre en el caso del despido improcedente), ni de variables o beneficios sociales, ya que  este tipo de retribuciones suelen ofrecerse en los contratos indefinidos.</p>
<p style="text-align: left">De este modo, <b>el cálculo se limita a 8 días de salario por año trabajado o la parte proporcional si el periodo trabajado es inferior a un año</b>. Pongamos un <b>ejemplo</b>. Dada una retribución bruta de 1.000 euros al mes, una fecha de inicio del contrato de 1 Enero y de  finalización el 30 de Junio. En primer lugar habría que hallar el salario diario, y para ello hay quien hace diferenciaciones entre salario  diario y salario mensual, y hay quien no. Nosotros estamos en este segundo grupo (lo sentimos, no somos tan puristas), y esto por dos   razones: primero porque esa regla no existe realmente para el cálculo de la indemnización (¿dónde está?, ¿alguien la ha visto?), y segundo, porque las diferencias son ínfimas, e incluso a veces inexistentes, y para este tipo de indemnizaciones, aún más. Bueno, hay una tercera: los cálculos sencillos son maravillosos. Así que obtendríamos la indemnización a pagar en nuestro ejemplo de la siguiente forma: 1000/30*180/360*8 = 133,33€ (o 130,42 considerando el salario como diario). Hay que recordar que <b>esta indemnización    </b><a href="http://piurl.com/p/Jkt"><b>no cotiza a la SS pero, sí tributa</b></a><b> a hacienda.</b></p>
<p>También habría que tener en cuenta la figura del <b>preaviso</b>. <b>El empresario tiene obligación de comunicar la finalización del contrato con 15 días de antelación en aquellos </b><b>cuya duración sea superior a un año</b><b>, </b>lo que vendría a afectar sobre todo a contratos por obra o servicio. Si la empresa no da el preaviso, está obligada a pagarlo, lo incluimos aquí porque si bien el preaviso no es una indemnización,  tiene un carácter claramente compensatorio, y entraría en el cálculo del finiquito.</p>
<p><strong>CIRCUSTANCIAS DE LA PRODUCCION</strong>: Para poder hacer este tipo de contrato la empresa debe estar ante una situación excepcional, ocasional o transitoria, o que se precise incrementar la respuesta habitual de la empresa ante una coyuntura productiva o del  mercado o aumentar la plantilla para nuevas necesidades surgidas. En el contrato hay que especificar claramente la causa que lo motiva. Si la o el trabajador es destinado a realizar permanentes y ordinarias de la empresa, dicho contrato se transforma en indefinido.</p>
<p>Su duración máxima es de 6 meses, en un periodo de 12 meses contados a partir del momento en que se produzca la causa que produzca la contratación. Por convenio del sector se puede pactar una duración mayor dentro de un periodo máximo, que no podrá exceder en ningún caso de 18 meses, sin superar 3/4 del periodo de referencia establecido, ni como máximo 12 meses. En el caso de que un  mismo trabajador/a tenga dos o más contratos de obra o servicio determinado que acumulen 24 meses (consecutivos o no) de un  periodo de 30, para la misma empresa o varias del grupo, pasarán a indefinidos.</p>
<p>Si el contrato tiene una duración inferior a 6 meses, éste podrá ser prorrogado una sola vez y hasta la duración máxima permitida.</p>
<p>En el supuesto de que finalice el contrato y el o la trabajadora sigue prestando sus servicios, el contrato pasa a indefinido.</p>
<p>Tiene una indemnización de 8 días por año.</p>
<p>&nbsp;</p>
<blockquote class="wp-embedded-content" data-secret="BAW4IBLDWm"><p><a href="https://www.cgt-lkn.org/bizkaia/afiliate">Afiliate</a></p></blockquote>
<p><iframe loading="lazy" class="wp-embedded-content" sandbox="allow-scripts" security="restricted" style="position: absolute; clip: rect(1px, 1px, 1px, 1px);" title="«Afiliate» — CGT-LKN Bizkaia" src="https://www.cgt-lkn.org/bizkaia/afiliate/embed#?secret=BAW4IBLDWm" data-secret="BAW4IBLDWm" width="600" height="338" frameborder="0" marginwidth="0" marginheight="0" scrolling="no"></iframe></p>
<p>&nbsp;</p>
<p><b><i> </i></b></p>
<p>&nbsp;</p>
<p>&nbsp;</p>
<p>&nbsp;</p>
<p>&nbsp;</p>
