{"id":33,"date":"2011-12-29T20:07:57","date_gmt":"2011-12-29T19:07:57","guid":{"rendered":"http:\/\/www.cgt-lkn.org\/bizkaia\/estampa\/?page_id=33"},"modified":"2025-12-17T18:33:58","modified_gmt":"2025-12-17T17:33:58","slug":"egutegiak","status":"publish","type":"page","link":"https:\/\/www.cgt-lkn.org\/bizkaia-gestamp\/recursos-laborales\/egutegiak\/","title":{"rendered":"Egutegiak 2026"},"content":{"rendered":"<h3><a href=\"https:\/\/www.cgt-lkn.org\/wp-content\/uploads\/sites\/20\/2012\/12\/calendario.jpg\"><img loading=\"lazy\" decoding=\"async\" class=\"aligncenter\" src=\"https:\/\/www.cgt-lkn.org\/wp-content\/uploads\/sites\/20\/2012\/12\/calendario.jpg\" alt=\"\" width=\"225\" height=\"224\" \/><\/a><\/h3>\n<h3 style=\"text-align: center\">Calendarios <span style=\"color: #ff0000\">OFICIALES<\/span> 2026 en pdf<\/h3>\n<p style=\"text-align: left\">Una vez establecidos los calendarios definitivos acordados o no, entre empresa y\u00a0<br aria-hidden=\"true\" \/>representaci\u00f3n social, la modificaci\u00f3n de los mismos debido a un cambio de calendario de\u00a0 referencia o bien debido a un cambio de equipo, respetando los plazos de preaviso e\u00a0 informaci\u00f3n, as\u00ed como de necesidad de su realizaci\u00f3n conllevar\u00e1 el abono de 100\u20ac brutos desde el primer cambio por cada uno de ellos, para el personal afectado. Siendo abonado\u00a0 el mes siguiente.<\/p>\n<p style=\"text-align: center\"><a href=\"https:\/\/www.cgt-lkn.org\/bizkaia-gestamp\/wp-content\/uploads\/sites\/20\/2025\/12\/jornada-partida-2026.pdf\"><span style=\"font-size: 14pt\"><strong>Jornada Partida 2026<\/strong><\/span><\/a><\/p>\n<hr \/>\n<p style=\"text-align: center\"><a href=\"https:\/\/www.cgt-lkn.org\/bizkaia-gestamp\/wp-content\/uploads\/sites\/20\/2025\/12\/2-TXANDA-FRIO-CALIENTE-2026.pdf\"><strong>2 TXANDA FRIO Y CALIENTE 2026<\/strong><\/a><\/p>\n<hr \/>\n<p style=\"text-align: center\"><a href=\"https:\/\/www.cgt-lkn.org\/bizkaia-gestamp\/wp-content\/uploads\/sites\/20\/2025\/12\/2-TXANDA-LOGISTICA-2026.pdf\"><strong>2 TXANDA LOGISTICA 2026<\/strong><\/a><\/p>\n<hr \/>\n<p style=\"text-align: center\"><a href=\"https:\/\/www.cgt-lkn.org\/bizkaia-gestamp\/wp-content\/uploads\/sites\/20\/2025\/12\/3-TXANDA-FRIO-CALIENTE-2026.pdf\"><strong>3 TXANDA FRIO Y CALIENTE 2026<\/strong><\/a><\/p>\n<hr \/>\n<p style=\"text-align: center\"><a href=\"https:\/\/www.cgt-lkn.org\/bizkaia-gestamp\/wp-content\/uploads\/sites\/20\/2025\/12\/3-TXANDA-LOGISTICA-2026.pdf\"><strong>3 TXANDA LOGIS 2026<\/strong><\/a><\/p>\n<hr \/>\n<p style=\"text-align: center\"><a href=\"https:\/\/www.cgt-lkn.org\/bizkaia-gestamp\/wp-content\/uploads\/sites\/20\/2025\/12\/4-txanda-Produccion-Mtto-y-Utillajes-2026-CGT.pdf\"><strong>4 txanda Produccion Mtto y Utillajes 2026<\/strong><\/a><\/p>\n<hr \/>\n<p style=\"text-align: center\"><strong><a href=\"https:\/\/www.cgt-lkn.org\/bizkaia-gestamp\/wp-content\/uploads\/sites\/20\/2025\/12\/Mantenimiento-Utillajes-2026-CGT.pdf\">5 txanda Mantenimiento &#8211; Utillajes 2026<\/a><\/strong><\/p>\n<hr \/>\n<p style=\"text-align: center\"><a href=\"https:\/\/www.cgt-lkn.org\/bizkaia-gestamp\/wp-content\/uploads\/sites\/20\/2025\/12\/MERCEDES-V-KTL-2026-CGT.pdf\"><strong>MERCEDES V KTL 2026<\/strong><\/a><\/p>\n<hr \/>\n<p style=\"text-align: center\"><a href=\"https:\/\/www.cgt-lkn.org\/bizkaia-gestamp\/wp-content\/uploads\/sites\/20\/2025\/12\/3-TXANADA-MERCEDES-V-OR-KTL-2026.pdf\"><strong>MERCEDES V OR KTL 2026<\/strong><\/a><\/p>\n<hr \/>\n<p style=\"text-align: center\"><a href=\"https:\/\/www.cgt-lkn.org\/bizkaia-gestamp\/wp-content\/uploads\/sites\/20\/2025\/12\/MERCEDES-V-OR-KTL-2026-CGT.pdf\"><strong>MERCEDES V OR 2026<\/strong><\/a><\/p>\n<hr \/>\n<p style=\"text-align: center\"><a href=\"https:\/\/www.cgt-lkn.org\/bizkaia-gestamp\/wp-content\/uploads\/sites\/20\/2025\/12\/ATEZAIN-2026.pdf\"><strong>ATEZAIN 2026\u00a0<\/strong><\/a><\/p>\n<hr \/>\n<p>&nbsp;<\/p>\n<p style=\"text-align: center\"><strong>Para recibir las noticias \u00fanete a nuestro <\/strong><\/p>\n<p style=\"text-align: center\"><strong>canal de <a href=\"https:\/\/t.me\/CGTGestampBizkaia\">Telegram\u00a0<\/a> <a href=\"https:\/\/t.me\/CGTGestampBizkaia\">Berriak CGT-LKN Gestamp Bizkaia\u00a0<\/a><\/strong><\/p>\n<p><a href=\"https:\/\/t.me\/CGTGestampBizkaia\"><img loading=\"lazy\" decoding=\"async\" class=\"aligncenter wp-image-7155 size-medium\" src=\"https:\/\/www.cgt-lkn.org\/wp-content\/uploads\/sites\/20\/2020\/08\/canal-telegram-300x169.jpg\" alt=\"\" width=\"300\" height=\"169\" srcset=\"https:\/\/www.cgt-lkn.org\/bizkaia-gestamp\/wp-content\/uploads\/sites\/20\/2020\/08\/canal-telegram-300x169.jpg 300w, https:\/\/www.cgt-lkn.org\/bizkaia-gestamp\/wp-content\/uploads\/sites\/20\/2020\/08\/canal-telegram-150x85.jpg 150w, https:\/\/www.cgt-lkn.org\/bizkaia-gestamp\/wp-content\/uploads\/sites\/20\/2020\/08\/canal-telegram-400x225.jpg 400w, https:\/\/www.cgt-lkn.org\/bizkaia-gestamp\/wp-content\/uploads\/sites\/20\/2020\/08\/canal-telegram.jpg 600w\" sizes=\"auto, (max-width: 300px) 100vw, 300px\" \/><\/a><\/p>\n<p>&nbsp;<\/p>\n<p><strong>Para recibir las noticias <\/strong><strong>\u00a0<a href=\"mailto:gestamp@cgt-lkn.eus\">gestamp@cgt-lkn.eus<\/a>\u00a0<\/strong>escribenos y te a\u00f1adimos a la lista oculta de correos<\/p>\n<div class=\"post-headline\">\n<p><a href=\"https:\/\/www.cgt-lkn.org\/bizkaia-gestamp\/contacto\/gestamp@cgt-lkn.eus\"><img loading=\"lazy\" decoding=\"async\" class=\"wp-image-9174 aligncenter\" src=\"https:\/\/www.cgt-lkn.org\/wp-content\/uploads\/sites\/20\/2023\/09\/correo-email.jpg\" alt=\"\" width=\"189\" height=\"170\" \/><\/a><\/p>\n<\/div>\n<p style=\"text-align: center\"><strong><a href=\"https:\/\/www.cgt-lkn.org\/afiliar\/public\/#!\/\">AF\u00cdLIATE!!<\/a><\/strong><\/p>\n<p style=\"text-align: center\"><a href=\"https:\/\/www.cgt-lkn.org\/afiliar\/public\/#!\/\"><img loading=\"lazy\" decoding=\"async\" class=\"alignnone size-full wp-image-9026\" src=\"https:\/\/www.cgt-lkn.org\/wp-content\/uploads\/sites\/20\/3021\/01\/ni-te-vende-ni-se-vende-cgt.jpg\" alt=\"\" width=\"142\" height=\"155\" \/><\/a><\/p>\n<hr \/>\n<p style=\"text-align: center\"><strong>Para recibir las noticias \u00fanete a nuestro <\/strong><\/p>\n<p style=\"text-align: center\"><strong>canal de <a href=\"https:\/\/t.me\/CGTGestampBizkaia\">Telegram\u00a0<\/a> <a href=\"https:\/\/t.me\/CGTGestampBizkaia\">Berriak CGT-LKN Gestamp Bizkaia\u00a0<\/a><\/strong><\/p>\n<p><a href=\"https:\/\/t.me\/CGTGestampBizkaia\"><img loading=\"lazy\" decoding=\"async\" class=\"aligncenter wp-image-7155 size-medium\" src=\"https:\/\/www.cgt-lkn.org\/wp-content\/uploads\/sites\/20\/2020\/08\/canal-telegram-300x169.jpg\" alt=\"\" width=\"300\" height=\"169\" srcset=\"https:\/\/www.cgt-lkn.org\/bizkaia-gestamp\/wp-content\/uploads\/sites\/20\/2020\/08\/canal-telegram-300x169.jpg 300w, https:\/\/www.cgt-lkn.org\/bizkaia-gestamp\/wp-content\/uploads\/sites\/20\/2020\/08\/canal-telegram-150x85.jpg 150w, https:\/\/www.cgt-lkn.org\/bizkaia-gestamp\/wp-content\/uploads\/sites\/20\/2020\/08\/canal-telegram-400x225.jpg 400w, https:\/\/www.cgt-lkn.org\/bizkaia-gestamp\/wp-content\/uploads\/sites\/20\/2020\/08\/canal-telegram.jpg 600w\" sizes=\"auto, (max-width: 300px) 100vw, 300px\" \/><\/a><\/p>\n<p><strong>Para recibir las noticias <\/strong><strong>\u00a0<a href=\"mailto:gestamp@cgt-lkn.eus\">gestamp@cgt-lkn.eus<\/a>\u00a0<\/strong>escribenos y te a\u00f1adimos a la lista oculta de correos<\/p>\n<div class=\"post-headline\">\n<p><a href=\"https:\/\/www.cgt-lkn.org\/bizkaia-gestamp\/contacto\/gestamp@cgt-lkn.eus\"><img loading=\"lazy\" decoding=\"async\" class=\"wp-image-9174 aligncenter\" src=\"https:\/\/www.cgt-lkn.org\/wp-content\/uploads\/sites\/20\/2023\/09\/correo-email.jpg\" alt=\"\" width=\"189\" height=\"170\" \/><\/a><\/p>\n<\/div>\n<p style=\"text-align: center\"><strong><a href=\"https:\/\/www.cgt-lkn.org\/afiliar\/public\/#!\/\">AF\u00cdLIATE!!<\/a><\/strong><\/p>\n<p style=\"text-align: center\"><a href=\"https:\/\/www.cgt-lkn.org\/afiliar\/public\/#!\/\"><img loading=\"lazy\" decoding=\"async\" class=\"alignnone wp-image-9026\" src=\"https:\/\/www.cgt-lkn.org\/wp-content\/uploads\/sites\/20\/3021\/01\/ni-te-vende-ni-se-vende-cgt.jpg\" alt=\"\" width=\"238\" height=\"260\" \/><\/a><\/p>\n<p>&nbsp;<\/p>\n<p>&nbsp;<\/p>\n<p>&nbsp;<\/p>\n<p>&nbsp;<\/p>\n","protected":false},"excerpt":{"rendered":"<p>Calendarios OFICIALES 2026 en pdf Una vez establecidos los calendarios definitivos acordados o no, entre empresa y\u00a0representaci\u00f3n social, la modificaci\u00f3n<\/p>\n","protected":false},"author":72,"featured_media":1575,"parent":8896,"menu_order":6,"comment_status":"closed","ping_status":"open","template":"","meta":{"footnotes":"","_links_to":"","_links_to_target":""},"class_list":["post-33","page","type-page","status-publish","has-post-thumbnail","hentry"],"publishpress_future_action":{"enabled":false,"date":"2026-05-08 05:09:04","action":"change-status","newStatus":"draft","terms":[],"taxonomy":"","extraData":[]},"publishpress_future_workflow_manual_trigger":{"enabledWorkflows":[]},"_links":{"self":[{"href":"https:\/\/www.cgt-lkn.org\/bizkaia-gestamp\/wp-json\/wp\/v2\/pages\/33","targetHints":{"allow":["GET"]}}],"collection":[{"href":"https:\/\/www.cgt-lkn.org\/bizkaia-gestamp\/wp-json\/wp\/v2\/pages"}],"about":[{"href":"https:\/\/www.cgt-lkn.org\/bizkaia-gestamp\/wp-json\/wp\/v2\/types\/page"}],"author":[{"embeddable":true,"href":"https:\/\/www.cgt-lkn.org\/bizkaia-gestamp\/wp-json\/wp\/v2\/users\/72"}],"replies":[{"embeddable":true,"href":"https:\/\/www.cgt-lkn.org\/bizkaia-gestamp\/wp-json\/wp\/v2\/comments?post=33"}],"version-history":[{"count":83,"href":"https:\/\/www.cgt-lkn.org\/bizkaia-gestamp\/wp-json\/wp\/v2\/pages\/33\/revisions"}],"predecessor-version":[{"id":9885,"href":"https:\/\/www.cgt-lkn.org\/bizkaia-gestamp\/wp-json\/wp\/v2\/pages\/33\/revisions\/9885"}],"up":[{"embeddable":true,"href":"https:\/\/www.cgt-lkn.org\/bizkaia-gestamp\/wp-json\/wp\/v2\/pages\/8896"}],"wp:featuredmedia":[{"embeddable":true,"href":"https:\/\/www.cgt-lkn.org\/bizkaia-gestamp\/wp-json\/wp\/v2\/media\/1575"}],"wp:attachment":[{"href":"https:\/\/www.cgt-lkn.org\/bizkaia-gestamp\/wp-json\/wp\/v2\/media?parent=33"}],"curies":[{"name":"wp","href":"https:\/\/api.w.org\/{rel}","templated":true}]}}

<h3><a href="https://www.cgt-lkn.org/wp-content/uploads/sites/20/2012/12/calendario.jpg"><img loading="lazy" decoding="async" class="aligncenter" src="https://www.cgt-lkn.org/wp-content/uploads/sites/20/2012/12/calendario.jpg" alt="" width="225" height="224" /></a></h3>
<h3 style="text-align: center">Calendarios <span style="color: #ff0000">OFICIALES</span> 2026 en pdf</h3>
<p style="text-align: left">Una vez establecidos los calendarios definitivos acordados o no, entre empresa y <br aria-hidden="true" />representación social, la modificación de los mismos debido a un cambio de calendario de  referencia o bien debido a un cambio de equipo, respetando los plazos de preaviso e  información, así como de necesidad de su realización conllevará el abono de 100€ brutos desde el primer cambio por cada uno de ellos, para el personal afectado. Siendo abonado  el mes siguiente.</p>
<p style="text-align: center"><a href="https://www.cgt-lkn.org/bizkaia-gestamp/wp-content/uploads/sites/20/2025/12/jornada-partida-2026.pdf"><span style="font-size: 14pt"><strong>Jornada Partida 2026</strong></span></a></p>
<hr />
<p style="text-align: center"><a href="https://www.cgt-lkn.org/bizkaia-gestamp/wp-content/uploads/sites/20/2025/12/2-TXANDA-FRIO-CALIENTE-2026.pdf"><strong>2 TXANDA FRIO Y CALIENTE 2026</strong></a></p>
<hr />
<p style="text-align: center"><a href="https://www.cgt-lkn.org/bizkaia-gestamp/wp-content/uploads/sites/20/2025/12/2-TXANDA-LOGISTICA-2026.pdf"><strong>2 TXANDA LOGISTICA 2026</strong></a></p>
<hr />
<p style="text-align: center"><a href="https://www.cgt-lkn.org/bizkaia-gestamp/wp-content/uploads/sites/20/2025/12/3-TXANDA-FRIO-CALIENTE-2026.pdf"><strong>3 TXANDA FRIO Y CALIENTE 2026</strong></a></p>
<hr />
<p style="text-align: center"><a href="https://www.cgt-lkn.org/bizkaia-gestamp/wp-content/uploads/sites/20/2025/12/3-TXANDA-LOGISTICA-2026.pdf"><strong>3 TXANDA LOGIS 2026</strong></a></p>
<hr />
<p style="text-align: center"><a href="https://www.cgt-lkn.org/bizkaia-gestamp/wp-content/uploads/sites/20/2025/12/4-txanda-Produccion-Mtto-y-Utillajes-2026-CGT.pdf"><strong>4 txanda Produccion Mtto y Utillajes 2026</strong></a></p>
<hr />
<p style="text-align: center"><strong><a href="https://www.cgt-lkn.org/bizkaia-gestamp/wp-content/uploads/sites/20/2025/12/Mantenimiento-Utillajes-2026-CGT.pdf">5 txanda Mantenimiento &#8211; Utillajes 2026</a></strong></p>
<hr />
<p style="text-align: center"><a href="https://www.cgt-lkn.org/bizkaia-gestamp/wp-content/uploads/sites/20/2025/12/MERCEDES-V-KTL-2026-CGT.pdf"><strong>MERCEDES V KTL 2026</strong></a></p>
<hr />
<p style="text-align: center"><a href="https://www.cgt-lkn.org/bizkaia-gestamp/wp-content/uploads/sites/20/2025/12/3-TXANADA-MERCEDES-V-OR-KTL-2026.pdf"><strong>MERCEDES V OR KTL 2026</strong></a></p>
<hr />
<p style="text-align: center"><a href="https://www.cgt-lkn.org/bizkaia-gestamp/wp-content/uploads/sites/20/2025/12/MERCEDES-V-OR-KTL-2026-CGT.pdf"><strong>MERCEDES V OR 2026</strong></a></p>
<hr />
<p style="text-align: center"><a href="https://www.cgt-lkn.org/bizkaia-gestamp/wp-content/uploads/sites/20/2025/12/ATEZAIN-2026.pdf"><strong>ATEZAIN 2026 </strong></a></p>
<hr />
<p>&nbsp;</p>
<p style="text-align: center"><strong>Para recibir las noticias únete a nuestro </strong></p>
<p style="text-align: center"><strong>canal de <a href="https://t.me/CGTGestampBizkaia">Telegram </a> <a href="https://t.me/CGTGestampBizkaia">Berriak CGT-LKN Gestamp Bizkaia </a></strong></p>
<p><a href="https://t.me/CGTGestampBizkaia"><img loading="lazy" decoding="async" class="aligncenter wp-image-7155 size-medium" src="https://www.cgt-lkn.org/wp-content/uploads/sites/20/2020/08/canal-telegram-300x169.jpg" alt="" width="300" height="169" srcset="https://www.cgt-lkn.org/bizkaia-gestamp/wp-content/uploads/sites/20/2020/08/canal-telegram-300x169.jpg 300w, https://www.cgt-lkn.org/bizkaia-gestamp/wp-content/uploads/sites/20/2020/08/canal-telegram-150x85.jpg 150w, https://www.cgt-lkn.org/bizkaia-gestamp/wp-content/uploads/sites/20/2020/08/canal-telegram-400x225.jpg 400w, https://www.cgt-lkn.org/bizkaia-gestamp/wp-content/uploads/sites/20/2020/08/canal-telegram.jpg 600w" sizes="auto, (max-width: 300px) 100vw, 300px" /></a></p>
<p>&nbsp;</p>
<p><strong>Para recibir las noticias </strong><strong> <a href="mailto:gestamp@cgt-lkn.eus">gestamp@cgt-lkn.eus</a> </strong>escribenos y te añadimos a la lista oculta de correos</p>
<div class="post-headline">
<p><a href="https://www.cgt-lkn.org/bizkaia-gestamp/contacto/gestamp@cgt-lkn.eus"><img loading="lazy" decoding="async" class="wp-image-9174 aligncenter" src="https://www.cgt-lkn.org/wp-content/uploads/sites/20/2023/09/correo-email.jpg" alt="" width="189" height="170" /></a></p>
</div>
<p style="text-align: center"><strong><a href="https://www.cgt-lkn.org/afiliar/public/#!/">AFÍLIATE!!</a></strong></p>
<p style="text-align: center"><a href="https://www.cgt-lkn.org/afiliar/public/#!/"><img loading="lazy" decoding="async" class="alignnone size-full wp-image-9026" src="https://www.cgt-lkn.org/wp-content/uploads/sites/20/3021/01/ni-te-vende-ni-se-vende-cgt.jpg" alt="" width="142" height="155" /></a></p>
<hr />
<p style="text-align: center"><strong>Para recibir las noticias únete a nuestro </strong></p>
<p style="text-align: center"><strong>canal de <a href="https://t.me/CGTGestampBizkaia">Telegram </a> <a href="https://t.me/CGTGestampBizkaia">Berriak CGT-LKN Gestamp Bizkaia </a></strong></p>
<p><a href="https://t.me/CGTGestampBizkaia"><img loading="lazy" decoding="async" class="aligncenter wp-image-7155 size-medium" src="https://www.cgt-lkn.org/wp-content/uploads/sites/20/2020/08/canal-telegram-300x169.jpg" alt="" width="300" height="169" srcset="https://www.cgt-lkn.org/bizkaia-gestamp/wp-content/uploads/sites/20/2020/08/canal-telegram-300x169.jpg 300w, https://www.cgt-lkn.org/bizkaia-gestamp/wp-content/uploads/sites/20/2020/08/canal-telegram-150x85.jpg 150w, https://www.cgt-lkn.org/bizkaia-gestamp/wp-content/uploads/sites/20/2020/08/canal-telegram-400x225.jpg 400w, https://www.cgt-lkn.org/bizkaia-gestamp/wp-content/uploads/sites/20/2020/08/canal-telegram.jpg 600w" sizes="auto, (max-width: 300px) 100vw, 300px" /></a></p>
<p><strong>Para recibir las noticias </strong><strong> <a href="mailto:gestamp@cgt-lkn.eus">gestamp@cgt-lkn.eus</a> </strong>escribenos y te añadimos a la lista oculta de correos</p>
<div class="post-headline">
<p><a href="https://www.cgt-lkn.org/bizkaia-gestamp/contacto/gestamp@cgt-lkn.eus"><img loading="lazy" decoding="async" class="wp-image-9174 aligncenter" src="https://www.cgt-lkn.org/wp-content/uploads/sites/20/2023/09/correo-email.jpg" alt="" width="189" height="170" /></a></p>
</div>
<p style="text-align: center"><strong><a href="https://www.cgt-lkn.org/afiliar/public/#!/">AFÍLIATE!!</a></strong></p>
<p style="text-align: center"><a href="https://www.cgt-lkn.org/afiliar/public/#!/"><img loading="lazy" decoding="async" class="alignnone wp-image-9026" src="https://www.cgt-lkn.org/wp-content/uploads/sites/20/3021/01/ni-te-vende-ni-se-vende-cgt.jpg" alt="" width="238" height="260" /></a></p>
<p>&nbsp;</p>
<p>&nbsp;</p>
<p>&nbsp;</p>
<p>&nbsp;</p>

<p>Calendarios OFICIALES 2026 en pdf Una vez establecidos los calendarios definitivos acordados o no, entre empresa y representación social, la modificación</p>
